Last updated on 2021-07-01 01:49:24 CEST.
Flavor | Version | Tinstall | Tcheck | Ttotal | Status | Flags |
---|---|---|---|---|---|---|
r-devel-linux-x86_64-debian-clang | 1.0 | 8.02 | 79.41 | 87.43 | NOTE | |
r-devel-linux-x86_64-debian-gcc | 1.0 | 6.84 | 58.58 | 65.42 | NOTE | |
r-devel-linux-x86_64-fedora-clang | 1.0 | 115.60 | NOTE | |||
r-devel-linux-x86_64-fedora-gcc | 1.0 | 104.30 | NOTE | |||
r-devel-windows-x86_64 | 1.0 | 9.00 | 97.00 | 106.00 | OK | |
r-devel-windows-x86_64-gcc10-UCRT | 1.0 | OK | ||||
r-patched-linux-x86_64 | 1.0 | 9.24 | 75.64 | 84.88 | NOTE | |
r-patched-solaris-x86 | 1.0 | 145.70 | NOTE | |||
r-release-linux-x86_64 | 1.0 | 8.51 | 75.39 | 83.90 | NOTE | |
r-release-macos-arm64 | 1.0 | OK | ||||
r-release-macos-x86_64 | 1.0 | OK | ||||
r-release-windows-ix86+x86_64 | 1.0 | 13.00 | 101.00 | 114.00 | OK | |
r-oldrel-macos-x86_64 | 1.0 | OK | ||||
r-oldrel-windows-ix86+x86_64 | 1.0 | 18.00 | 83.00 | 101.00 | OK |
Version: 1.0
Check: for non-standard things in the check directory
Result: NOTE
Found the following files/directories:
'P.csv' 'correct_alpha.csv' 'correct_beta.csv' 'correct_gamma.csv'
'correct_lambda.csv' 'correct_perm_list.csv' 'correct_psi.csv'
Flavors: r-devel-linux-x86_64-debian-clang, r-devel-linux-x86_64-debian-gcc, r-devel-linux-x86_64-fedora-clang, r-devel-linux-x86_64-fedora-gcc, r-patched-linux-x86_64, r-patched-solaris-x86, r-release-linux-x86_64