CRAN Package Check Results for Package RH2

Last updated on 2021-07-01 01:49:24 CEST.

Flavor Version Tinstall Tcheck Ttotal Status Flags
r-devel-linux-x86_64-debian-clang 0.2.4 6.54 44.62 51.16 OK
r-devel-linux-x86_64-debian-gcc 0.2.4 5.00 34.03 39.03 OK
r-devel-linux-x86_64-fedora-clang 0.2.4 70.64 NOTE
r-devel-linux-x86_64-fedora-gcc 0.2.4 59.23 OK
r-devel-windows-x86_64 0.2.4 9.00 62.00 71.00 OK
r-devel-windows-x86_64-gcc10-UCRT 0.2.4 OK
r-patched-linux-x86_64 0.2.4 7.04 42.30 49.34 OK
r-patched-solaris-x86 0.2.4 93.20 OK
r-release-linux-x86_64 0.2.4 6.67 42.80 49.47 OK
r-release-macos-arm64 0.2.4 ERROR
r-release-macos-x86_64 0.2.4 OK
r-release-windows-ix86+x86_64 0.2.4 10.00 57.00 67.00 OK
r-oldrel-macos-x86_64 0.2.4 OK
r-oldrel-windows-ix86+x86_64 0.2.4 14.00 55.00 69.00 OK

Check Details

Version: 0.2.4
Check: Rd cross-references
Result: NOTE
    Undeclared package ‘DBI’ in Rd xrefs
Flavor: r-devel-linux-x86_64-fedora-clang

Version: 0.2.4
Check: tests
Result: ERROR
     Running ‘RH2_basic_in_mem_tests.R’ [0s/0s]
    Running the tests in ‘tests/RH2_basic_in_mem_tests.R’ failed.
    Complete output:
     > library(RH2)
     Loading required package: chron
     Loading required package: RJDBC
     Loading required package: DBI
     Loading required package: rJava
     >
     > con = dbConnect(H2(), "jdbc:h2:mem:")
Flavor: r-release-macos-arm64