CRAN Package Check Results for Package RJcluster

Last updated on 2021-07-01 01:49:24 CEST.

Flavor Version Tinstall Tcheck Ttotal Status Flags
r-devel-linux-x86_64-debian-clang 2.5.0 128.74 47.88 176.62 OK
r-devel-linux-x86_64-debian-gcc 2.5.0 81.37 35.89 117.26 OK
r-devel-linux-x86_64-fedora-clang 2.5.0 249.65 OK
r-devel-linux-x86_64-fedora-gcc 2.5.0 217.02 OK
r-devel-windows-x86_64 2.5.0 110.00 78.00 188.00 OK
r-devel-windows-x86_64-gcc10-UCRT 2.5.0 OK
r-patched-linux-x86_64 2.5.0 95.80 45.03 140.83 OK
r-patched-solaris-x86 2.5.0 204.80 OK
r-release-linux-x86_64 2.5.0 96.85 45.80 142.65 OK
r-release-macos-arm64 2.5.0 NOTE
r-release-macos-x86_64 2.5.0 OK
r-release-windows-ix86+x86_64 2.5.0 216.00 101.00 317.00 OK
r-oldrel-macos-x86_64 2.5.0 OK
r-oldrel-windows-ix86+x86_64 2.5.0 277.00 85.00 362.00 OK

Check Details

Version: 2.5.0
Check: installed package size
Result: NOTE
     installed size is 5.3Mb
     sub-directories of 1Mb or more:
     libs 5.0Mb
Flavor: r-release-macos-arm64