Last updated on 2021-07-01 01:49:24 CEST.
Flavor | Version | Tinstall | Tcheck | Ttotal | Status | Flags |
---|---|---|---|---|---|---|
r-devel-linux-x86_64-debian-clang | 0.0-6 | 4.05 | 47.66 | 51.71 | OK | |
r-devel-linux-x86_64-debian-gcc | 0.0-6 | 3.38 | 36.57 | 39.95 | OK | |
r-devel-linux-x86_64-fedora-clang | 0.0-6 | 75.19 | OK | |||
r-devel-linux-x86_64-fedora-gcc | 0.0-6 | 63.91 | OK | |||
r-devel-windows-x86_64 | 0.0-6 | 6.00 | 66.00 | 72.00 | OK | |
r-devel-windows-x86_64-gcc10-UCRT | 0.0-6 | OK | ||||
r-patched-linux-x86_64 | 0.0-6 | 4.01 | 46.05 | 50.06 | OK | |
r-patched-solaris-x86 | 0.0-6 | 86.50 | OK | |||
r-release-linux-x86_64 | 0.0-6 | 4.41 | 45.53 | 49.94 | OK | |
r-release-macos-arm64 | 0.0-6 | ERROR | ||||
r-release-macos-x86_64 | 0.0-6 | OK | ||||
r-release-windows-ix86+x86_64 | 0.0-6 | 8.00 | 56.00 | 64.00 | OK | |
r-oldrel-macos-x86_64 | 0.0-6 | OK | ||||
r-oldrel-windows-ix86+x86_64 | 0.0-6 | 10.00 | 65.00 | 75.00 | OK |
Version: 0.0-6
Check: whether package can be installed
Result: ERROR
Installation failed.
Flavor: r-release-macos-arm64