Last updated on 2021-07-01 01:49:24 CEST.
Flavor | Version | Tinstall | Tcheck | Ttotal | Status | Flags |
---|---|---|---|---|---|---|
r-devel-linux-x86_64-debian-clang | 0.9 | 3.41 | 51.53 | 54.94 | NOTE | |
r-devel-linux-x86_64-debian-gcc | 0.9 | 3.85 | 37.78 | 41.63 | NOTE | |
r-devel-linux-x86_64-fedora-clang | 0.9 | 76.14 | OK | |||
r-devel-linux-x86_64-fedora-gcc | 0.9 | 63.43 | OK | |||
r-devel-windows-x86_64 | 0.9 | 7.00 | 67.00 | 74.00 | NOTE | |
r-devel-windows-x86_64-gcc10-UCRT | 0.9 | OK | ||||
r-patched-linux-x86_64 | 0.9 | 4.58 | 47.65 | 52.23 | NOTE | |
r-patched-solaris-x86 | 0.9 | 85.90 | OK | |||
r-release-linux-x86_64 | 0.9 | 3.35 | 47.54 | 50.89 | NOTE | |
r-release-macos-arm64 | 0.9 | OK | ||||
r-release-macos-x86_64 | 0.9 | OK | ||||
r-release-windows-ix86+x86_64 | 0.9 | 6.00 | 72.00 | 78.00 | NOTE | |
r-oldrel-macos-x86_64 | 0.9 | OK | ||||
r-oldrel-windows-ix86+x86_64 | 0.9 | 8.00 | 56.00 | 64.00 | NOTE |
Version: 0.9
Check: package vignettes
Result: NOTE
Package vignette with placeholder title 'Vignette Title':
'rmtl.Rmd'
Flavors: r-devel-linux-x86_64-debian-clang, r-devel-linux-x86_64-debian-gcc, r-devel-windows-x86_64, r-patched-linux-x86_64, r-release-linux-x86_64, r-release-windows-ix86+x86_64, r-oldrel-windows-ix86+x86_64