CRAN Package Check Results for Package RMySQL

Last updated on 2021-07-01 01:49:24 CEST.

Flavor Version Tinstall Tcheck Ttotal Status Flags
r-devel-linux-x86_64-debian-clang 0.10.22 8.93 35.63 44.56 OK
r-devel-linux-x86_64-debian-gcc 0.10.22 5.99 27.87 33.86 OK
r-devel-linux-x86_64-fedora-clang 0.10.22 61.88 OK
r-devel-linux-x86_64-fedora-gcc 0.10.22 51.39 OK
r-devel-windows-x86_64 0.10.22 17.00 108.00 125.00 OK
r-devel-windows-x86_64-gcc10-UCRT 0.10.22 WARN
r-patched-linux-x86_64 0.10.22 8.62 33.98 42.60 OK
r-patched-solaris-x86 0.10.22 72.90 OK
r-release-linux-x86_64 0.10.22 7.77 34.44 42.21 OK
r-release-macos-arm64 0.10.22 OK
r-release-macos-x86_64 0.10.22 OK
r-release-windows-ix86+x86_64 0.10.22 23.00 138.00 161.00 NOTE
r-oldrel-macos-x86_64 0.10.22 OK
r-oldrel-windows-ix86+x86_64 0.10.22 25.00 134.00 159.00 NOTE

Check Details

Version: 0.10.22
Check: whether package can be installed
Result: WARN
    Found the following significant warnings:
     WARNING: failed to apply patch patches/CRAN/RMySQL.diff
Flavor: r-devel-windows-x86_64-gcc10-UCRT

Version: 0.10.22
Check: installed package size
Result: NOTE
     installed size is 6.6Mb
     sub-directories of 1Mb or more:
     libs 6.3Mb
Flavors: r-release-windows-ix86+x86_64, r-oldrel-windows-ix86+x86_64