Last updated on 2021-07-01 01:49:24 CEST.
Flavor | Version | Tinstall | Tcheck | Ttotal | Status | Flags |
---|---|---|---|---|---|---|
r-devel-linux-x86_64-debian-clang | 0.9 | 4.61 | 33.59 | 38.20 | NOTE | |
r-devel-linux-x86_64-debian-gcc | 0.9 | 3.23 | 26.11 | 29.34 | NOTE | |
r-devel-linux-x86_64-fedora-clang | 0.9 | 57.23 | NOTE | |||
r-devel-linux-x86_64-fedora-gcc | 0.9 | 45.30 | NOTE | |||
r-devel-windows-x86_64 | 0.9 | 6.00 | 48.00 | 54.00 | NOTE | |
r-devel-windows-x86_64-gcc10-UCRT | 0.9 | NOTE | ||||
r-patched-linux-x86_64 | 0.9 | 4.25 | 32.66 | 36.91 | NOTE | |
r-patched-solaris-x86 | 0.9 | 71.40 | NOTE | |||
r-release-linux-x86_64 | 0.9 | 3.53 | 32.88 | 36.41 | NOTE | |
r-release-macos-arm64 | 0.9 | ERROR | ||||
r-release-macos-x86_64 | 0.9 | NOTE | ||||
r-release-windows-ix86+x86_64 | 0.9 | 8.00 | 38.00 | 46.00 | NOTE | |
r-oldrel-macos-x86_64 | 0.9 | NOTE | ||||
r-oldrel-windows-ix86+x86_64 | 0.9 | 7.00 | 35.00 | 42.00 | NOTE |
Version: 0.9
Check: DESCRIPTION meta-information
Result: NOTE
Malformed Title field: should not end in a period.
Flavors: r-devel-linux-x86_64-debian-clang, r-devel-linux-x86_64-debian-gcc, r-devel-linux-x86_64-fedora-clang, r-devel-linux-x86_64-fedora-gcc, r-devel-windows-x86_64, r-devel-windows-x86_64-gcc10-UCRT, r-patched-linux-x86_64, r-patched-solaris-x86, r-release-linux-x86_64, r-release-macos-x86_64, r-release-windows-ix86+x86_64, r-oldrel-macos-x86_64, r-oldrel-windows-ix86+x86_64
Version: 0.9
Check: installed package size
Result: NOTE
installed size is 12.2Mb
sub-directories of 1Mb or more:
java 12.1Mb
Flavors: r-devel-linux-x86_64-fedora-clang, r-devel-windows-x86_64, r-patched-solaris-x86, r-release-macos-x86_64, r-release-windows-ix86+x86_64, r-oldrel-macos-x86_64, r-oldrel-windows-ix86+x86_64
Version: 0.9
Check: dependencies in R code
Result: NOTE
Namespace in Imports field not imported from: ‘methods’
All declared Imports should be used.
Flavors: r-devel-linux-x86_64-fedora-clang, r-devel-linux-x86_64-fedora-gcc, r-devel-windows-x86_64-gcc10-UCRT, r-patched-solaris-x86, r-release-macos-x86_64, r-oldrel-macos-x86_64
Version: 0.9
Check: whether package can be installed
Result: ERROR
Installation failed.
Flavor: r-release-macos-arm64