Last updated on 2021-07-01 01:49:24 CEST.
Flavor | Version | Tinstall | Tcheck | Ttotal | Status | Flags |
---|---|---|---|---|---|---|
r-devel-linux-x86_64-debian-clang | 1.0.10 | 20.69 | 111.08 | 131.77 | OK | |
r-devel-linux-x86_64-debian-gcc | 1.0.10 | 14.02 | 82.49 | 96.51 | OK | |
r-devel-linux-x86_64-fedora-clang | 1.0.10 | 168.96 | NOTE | |||
r-devel-linux-x86_64-fedora-gcc | 1.0.10 | 156.22 | OK | |||
r-devel-windows-x86_64 | 1.0.10 | 17.00 | 116.00 | 133.00 | OK | |
r-devel-windows-x86_64-gcc10-UCRT | 1.0.10 | OK | ||||
r-patched-linux-x86_64 | 1.0.10 | 23.10 | 102.57 | 125.67 | OK | |
r-patched-solaris-x86 | 1.0.10 | 177.80 | OK | --no-examples | ||
r-release-linux-x86_64 | 1.0.10 | 18.83 | 104.26 | 123.09 | OK | |
r-release-macos-arm64 | 1.0.10 | OK | ||||
r-release-macos-x86_64 | 1.0.10 | OK | ||||
r-release-windows-ix86+x86_64 | 1.0.10 | 30.00 | 109.00 | 139.00 | OK | |
r-oldrel-macos-x86_64 | 1.0.10 | OK | ||||
r-oldrel-windows-ix86+x86_64 | 1.0.10 | 32.00 | 98.00 | 130.00 | OK |
Version: 1.0.10
Check: Rd cross-references
Result: NOTE
Undeclared packages ‘fossil’, ‘raster’ in Rd xrefs
Flavor: r-devel-linux-x86_64-fedora-clang