Last updated on 2021-07-01 01:49:24 CEST.
Flavor | Version | Tinstall | Tcheck | Ttotal | Status | Flags |
---|---|---|---|---|---|---|
r-devel-linux-x86_64-debian-clang | 0.1.2 | 3.25 | 29.34 | 32.59 | NOTE | |
r-devel-linux-x86_64-debian-gcc | 0.1.2 | 2.17 | 22.77 | 24.94 | NOTE | |
r-devel-linux-x86_64-fedora-clang | 0.1.2 | 47.76 | NOTE | |||
r-devel-linux-x86_64-fedora-gcc | 0.1.2 | 37.24 | NOTE | |||
r-devel-windows-x86_64 | 0.1.2 | 4.00 | 46.00 | 50.00 | NOTE | |
r-devel-windows-x86_64-gcc10-UCRT | 0.1.2 | NOTE | ||||
r-patched-linux-x86_64 | 0.1.2 | 3.28 | 28.08 | 31.36 | NOTE | |
r-patched-solaris-x86 | 0.1.2 | 58.20 | NOTE | |||
r-release-linux-x86_64 | 0.1.2 | 2.90 | 28.66 | 31.56 | NOTE | |
r-release-macos-arm64 | 0.1.2 | NOTE | ||||
r-release-macos-x86_64 | 0.1.2 | NOTE | ||||
r-release-windows-ix86+x86_64 | 0.1.2 | 5.00 | 44.00 | 49.00 | NOTE | |
r-oldrel-macos-x86_64 | 0.1.2 | OK | ||||
r-oldrel-windows-ix86+x86_64 | 0.1.2 | 7.00 | 40.00 | 47.00 | OK |
Version: 0.1.2
Check: LazyData
Result: NOTE
'LazyData' is specified without a 'data' directory
Flavors: r-devel-linux-x86_64-debian-clang, r-devel-linux-x86_64-debian-gcc, r-devel-linux-x86_64-fedora-clang, r-devel-linux-x86_64-fedora-gcc, r-devel-windows-x86_64, r-devel-windows-x86_64-gcc10-UCRT, r-patched-linux-x86_64, r-patched-solaris-x86, r-release-linux-x86_64, r-release-macos-arm64, r-release-macos-x86_64, r-release-windows-ix86+x86_64