CRAN Package Check Results for Package RRPP

Last updated on 2021-07-01 01:49:25 CEST.

Flavor Version Tinstall Tcheck Ttotal Status Flags
r-devel-linux-x86_64-debian-clang 1.0.0 15.96 252.98 268.94 OK
r-devel-linux-x86_64-debian-gcc 1.0.0 14.15 178.75 192.90 OK
r-devel-linux-x86_64-fedora-clang 1.0.0 330.01 NOTE
r-devel-linux-x86_64-fedora-gcc 1.0.0 320.15 NOTE
r-devel-windows-x86_64 1.0.0 18.00 310.00 328.00 OK
r-devel-windows-x86_64-gcc10-UCRT 1.0.0 NOTE
r-patched-linux-x86_64 1.0.0 19.10 235.47 254.57 OK
r-patched-solaris-x86 1.0.0 583.60 NOTE
r-release-linux-x86_64 1.0.0 14.50 234.57 249.07 OK
r-release-macos-arm64 1.0.0 NOTE
r-release-macos-x86_64 1.0.0 NOTE
r-release-windows-ix86+x86_64 1.0.0 37.00 315.00 352.00 OK
r-oldrel-macos-x86_64 1.0.0 NOTE
r-oldrel-windows-ix86+x86_64 1.0.0 34.00 265.00 299.00 OK

Check Details

Version: 1.0.0
Check: dependencies in R code
Result: NOTE
    Namespace in Imports field not imported from: ‘Rcpp’
     All declared Imports should be used.
Flavors: r-devel-linux-x86_64-fedora-clang, r-devel-linux-x86_64-fedora-gcc, r-devel-windows-x86_64-gcc10-UCRT, r-patched-solaris-x86, r-release-macos-arm64, r-release-macos-x86_64, r-oldrel-macos-x86_64