Last updated on 2021-07-01 01:49:25 CEST.
Flavor | Version | Tinstall | Tcheck | Ttotal | Status | Flags |
---|---|---|---|---|---|---|
r-devel-linux-x86_64-debian-clang | 0.4.1 | 5.87 | 50.12 | 55.99 | NOTE | |
r-devel-linux-x86_64-debian-gcc | 0.4.1 | 4.32 | 36.91 | 41.23 | NOTE | |
r-devel-linux-x86_64-fedora-clang | 0.4.1 | 74.41 | NOTE | |||
r-devel-linux-x86_64-fedora-gcc | 0.4.1 | 76.20 | NOTE | |||
r-devel-windows-x86_64 | 0.4.1 | 15.00 | 67.00 | 82.00 | NOTE | |
r-devel-windows-x86_64-gcc10-UCRT | 0.4.1 | NOTE | ||||
r-patched-linux-x86_64 | 0.4.1 | 5.65 | 46.73 | 52.38 | NOTE | |
r-patched-solaris-x86 | 0.4.1 | 93.30 | NOTE | |||
r-release-linux-x86_64 | 0.4.1 | 5.28 | 46.14 | 51.42 | NOTE | |
r-release-macos-arm64 | 0.4.1 | NOTE | ||||
r-release-macos-x86_64 | 0.4.1 | NOTE | ||||
r-release-windows-ix86+x86_64 | 0.4.1 | 36.00 | 72.00 | 108.00 | NOTE | |
r-oldrel-macos-x86_64 | 0.4.1 | OK | ||||
r-oldrel-windows-ix86+x86_64 | 0.4.1 | 16.00 | 57.00 | 73.00 | OK |
Version: 0.4.1
Check: LazyData
Result: NOTE
'LazyData' is specified without a 'data' directory
Flavors: r-devel-linux-x86_64-debian-clang, r-devel-linux-x86_64-debian-gcc, r-devel-linux-x86_64-fedora-clang, r-devel-linux-x86_64-fedora-gcc, r-devel-windows-x86_64, r-devel-windows-x86_64-gcc10-UCRT, r-patched-linux-x86_64, r-patched-solaris-x86, r-release-linux-x86_64, r-release-macos-arm64, r-release-macos-x86_64, r-release-windows-ix86+x86_64