CRAN Package Check Results for Package RYandexTranslate

Last updated on 2021-07-01 01:49:25 CEST.

Flavor Version Tinstall Tcheck Ttotal Status Flags
r-devel-linux-x86_64-debian-clang 1.0 2.57 28.10 30.67 NOTE
r-devel-linux-x86_64-debian-gcc 1.0 2.17 21.71 23.88 NOTE
r-devel-linux-x86_64-fedora-clang 1.0 46.30 NOTE
r-devel-linux-x86_64-fedora-gcc 1.0 35.97 NOTE
r-devel-windows-x86_64 1.0 4.00 45.00 49.00 NOTE
r-devel-windows-x86_64-gcc10-UCRT 1.0 NOTE
r-patched-linux-x86_64 1.0 2.07 27.12 29.19 NOTE
r-patched-solaris-x86 1.0 56.90 NOTE
r-release-linux-x86_64 1.0 2.43 26.89 29.32 NOTE
r-release-macos-arm64 1.0 NOTE
r-release-macos-x86_64 1.0 NOTE
r-release-windows-ix86+x86_64 1.0 28.00 47.00 75.00 NOTE
r-oldrel-macos-x86_64 1.0 OK
r-oldrel-windows-ix86+x86_64 1.0 6.00 35.00 41.00 OK

Check Details

Version: 1.0
Check: LazyData
Result: NOTE
     'LazyData' is specified without a 'data' directory
Flavors: r-devel-linux-x86_64-debian-clang, r-devel-linux-x86_64-debian-gcc, r-devel-linux-x86_64-fedora-clang, r-devel-linux-x86_64-fedora-gcc, r-devel-windows-x86_64, r-devel-windows-x86_64-gcc10-UCRT, r-patched-linux-x86_64, r-patched-solaris-x86, r-release-linux-x86_64, r-release-macos-arm64, r-release-macos-x86_64, r-release-windows-ix86+x86_64