Last updated on 2021-07-01 01:49:25 CEST.
Flavor | Version | Tinstall | Tcheck | Ttotal | Status | Flags |
---|---|---|---|---|---|---|
r-devel-linux-x86_64-debian-clang | 1.0 | 2.49 | 28.96 | 31.45 | NOTE | |
r-devel-linux-x86_64-debian-gcc | 1.0 | 2.05 | 22.86 | 24.91 | NOTE | |
r-devel-linux-x86_64-fedora-clang | 1.0 | 46.22 | NOTE | |||
r-devel-linux-x86_64-fedora-gcc | 1.0 | 35.26 | NOTE | |||
r-devel-windows-x86_64 | 1.0 | 4.00 | 49.00 | 53.00 | NOTE | |
r-devel-windows-x86_64-gcc10-UCRT | 1.0 | NOTE | ||||
r-patched-linux-x86_64 | 1.0 | 2.65 | 27.95 | 30.60 | NOTE | |
r-patched-solaris-x86 | 1.0 | 59.90 | NOTE | |||
r-release-linux-x86_64 | 1.0 | 2.62 | 27.91 | 30.53 | NOTE | |
r-release-macos-arm64 | 1.0 | NOTE | ||||
r-release-macos-x86_64 | 1.0 | NOTE | ||||
r-release-windows-ix86+x86_64 | 1.0 | 5.00 | 41.00 | 46.00 | NOTE | |
r-oldrel-macos-x86_64 | 1.0 | NOTE | ||||
r-oldrel-windows-ix86+x86_64 | 1.0 | 6.00 | 39.00 | 45.00 | NOTE |
Version: 1.0
Check: DESCRIPTION meta-information
Result: NOTE
Malformed Title field: should not end in a period.
Flavors: r-devel-linux-x86_64-debian-clang, r-devel-linux-x86_64-debian-gcc, r-devel-linux-x86_64-fedora-clang, r-devel-linux-x86_64-fedora-gcc, r-devel-windows-x86_64, r-devel-windows-x86_64-gcc10-UCRT, r-patched-linux-x86_64, r-patched-solaris-x86, r-release-linux-x86_64, r-release-macos-arm64, r-release-macos-x86_64, r-release-windows-ix86+x86_64, r-oldrel-macos-x86_64, r-oldrel-windows-ix86+x86_64