Last updated on 2021-07-01 01:49:23 CEST.
Flavor | Version | Tinstall | Tcheck | Ttotal | Status | Flags |
---|---|---|---|---|---|---|
r-devel-linux-x86_64-debian-clang | 0.0.2 | 11.37 | 103.40 | 114.77 | NOTE | |
r-devel-linux-x86_64-debian-gcc | 0.0.2 | 7.96 | 79.35 | 87.31 | NOTE | |
r-devel-linux-x86_64-fedora-clang | 0.0.2 | 143.67 | NOTE | |||
r-devel-linux-x86_64-fedora-gcc | 0.0.2 | 132.74 | NOTE | |||
r-devel-windows-x86_64 | 0.0.2 | 12.00 | 127.00 | 139.00 | NOTE | |
r-devel-windows-x86_64-gcc10-UCRT | 0.0.2 | NOTE | ||||
r-patched-linux-x86_64 | 0.0.2 | 10.31 | 97.96 | 108.27 | NOTE | |
r-patched-solaris-x86 | 0.0.2 | 206.50 | NOTE | |||
r-release-linux-x86_64 | 0.0.2 | 7.98 | 98.94 | 106.92 | NOTE | |
r-release-macos-arm64 | 0.0.2 | NOTE | ||||
r-release-macos-x86_64 | 0.0.2 | NOTE | ||||
r-release-windows-ix86+x86_64 | 0.0.2 | 42.00 | 134.00 | 176.00 | NOTE | |
r-oldrel-macos-x86_64 | 0.0.2 | OK | ||||
r-oldrel-windows-ix86+x86_64 | 0.0.2 | 22.00 | 105.00 | 127.00 | OK |
Version: 0.0.2
Check: LazyData
Result: NOTE
'LazyData' is specified without a 'data' directory
Flavors: r-devel-linux-x86_64-debian-clang, r-devel-linux-x86_64-debian-gcc, r-devel-linux-x86_64-fedora-clang, r-devel-linux-x86_64-fedora-gcc, r-devel-windows-x86_64, r-devel-windows-x86_64-gcc10-UCRT, r-patched-linux-x86_64, r-patched-solaris-x86, r-release-linux-x86_64, r-release-macos-arm64, r-release-macos-x86_64, r-release-windows-ix86+x86_64