Last updated on 2021-07-01 01:49:23 CEST.
Flavor | Version | Tinstall | Tcheck | Ttotal | Status | Flags |
---|---|---|---|---|---|---|
r-devel-linux-x86_64-debian-clang | 2.1.0 | 26.06 | 235.57 | 261.63 | OK | |
r-devel-linux-x86_64-debian-gcc | 2.1.0 | 23.46 | 173.12 | 196.58 | OK | |
r-devel-linux-x86_64-fedora-clang | 2.1.0 | 309.25 | OK | |||
r-devel-linux-x86_64-fedora-gcc | 2.1.0 | 302.40 | OK | |||
r-devel-windows-x86_64 | 2.1.0 | 44.00 | 252.00 | 296.00 | OK | |
r-devel-windows-x86_64-gcc10-UCRT | 2.1.0 | OK | ||||
r-patched-linux-x86_64 | 2.1.0 | 23.64 | 212.61 | 236.25 | OK | |
r-patched-solaris-x86 | 2.1.0 | 426.10 | OK | |||
r-release-linux-x86_64 | 2.1.0 | 21.47 | 214.93 | 236.40 | OK | |
r-release-macos-arm64 | 2.1.0 | ERROR | ||||
r-release-macos-x86_64 | 2.1.0 | OK | ||||
r-release-windows-ix86+x86_64 | 2.1.0 | 59.00 | 264.00 | 323.00 | OK | |
r-oldrel-macos-x86_64 | 2.1.0 | ERROR | ||||
r-oldrel-windows-ix86+x86_64 | 2.1.0 | 57.00 | 213.00 | 270.00 | OK |
Version: 2.1.0
Check: package dependencies
Result: ERROR
Packages required but not available: 'GenomicRanges', 'coloc'
See section ‘The DESCRIPTION file’ in the ‘Writing R Extensions’
manual.
Flavor: r-release-macos-arm64
Version: 2.1.0
Check: package dependencies
Result: ERROR
Packages required and available but unsuitable versions:
'GenomicRanges', 'IRanges'
See section ‘The DESCRIPTION file’ in the ‘Writing R Extensions’
manual.
Flavor: r-oldrel-macos-x86_64