CRAN Package Check Results for Package RavenR

Last updated on 2021-07-01 01:49:23 CEST.

Flavor Version Tinstall Tcheck Ttotal Status Flags
r-devel-linux-x86_64-debian-clang 2.1.0 11.34 141.91 153.25 OK
r-devel-linux-x86_64-debian-gcc 2.1.0 9.39 102.42 111.81 OK
r-devel-linux-x86_64-fedora-clang 2.1.0 192.71 NOTE
r-devel-linux-x86_64-fedora-gcc 2.1.0 172.18 NOTE
r-devel-windows-x86_64 2.1.0 18.00 184.00 202.00 OK
r-devel-windows-x86_64-gcc10-UCRT 2.1.0 NOTE
r-patched-linux-x86_64 2.1.0 18.88 130.56 149.44 OK
r-patched-solaris-x86 2.1.0 233.70 NOTE
r-release-linux-x86_64 2.1.0 9.72 130.58 140.30 OK
r-release-macos-arm64 2.1.0 NOTE
r-release-macos-x86_64 2.1.0 NOTE
r-release-windows-ix86+x86_64 2.1.0 25.00 181.00 206.00 OK
r-oldrel-macos-x86_64 2.1.0 NOTE
r-oldrel-windows-ix86+x86_64 2.1.0 26.00 148.00 174.00 OK

Check Details

Version: 2.1.0
Check: dependencies in R code
Result: NOTE
    Namespaces in Imports field not imported from:
     ‘deldir’ ‘lifecycle’
     All declared Imports should be used.
Flavors: r-devel-linux-x86_64-fedora-clang, r-devel-linux-x86_64-fedora-gcc, r-devel-windows-x86_64-gcc10-UCRT, r-patched-solaris-x86, r-release-macos-arm64, r-release-macos-x86_64, r-oldrel-macos-x86_64