Last updated on 2021-07-01 01:49:23 CEST.
Flavor | Version | Tinstall | Tcheck | Ttotal | Status | Flags |
---|---|---|---|---|---|---|
r-devel-linux-x86_64-debian-clang | 1.3.82 | 7.84 | 120.96 | 128.80 | OK | |
r-devel-linux-x86_64-debian-gcc | 1.3.82 | 5.94 | 91.00 | 96.94 | OK | |
r-devel-linux-x86_64-fedora-clang | 1.3.82 | 148.30 | NOTE | |||
r-devel-linux-x86_64-fedora-gcc | 1.3.82 | 135.69 | NOTE | |||
r-devel-windows-x86_64 | 1.3.82 | 9.00 | 135.00 | 144.00 | OK | |
r-devel-windows-x86_64-gcc10-UCRT | 1.3.82 | NOTE | ||||
r-patched-linux-x86_64 | 1.3.82 | 8.72 | 107.30 | 116.02 | OK | |
r-patched-solaris-x86 | 1.3.82 | 183.80 | NOTE | |||
r-release-linux-x86_64 | 1.3.82 | 7.47 | 107.99 | 115.46 | OK | |
r-release-macos-arm64 | 1.3.82 | NOTE | ||||
r-release-macos-x86_64 | 1.3.82 | NOTE | ||||
r-release-windows-ix86+x86_64 | 1.3.82 | 24.00 | 121.00 | 145.00 | OK | |
r-oldrel-macos-x86_64 | 1.3.82 | NOTE | ||||
r-oldrel-windows-ix86+x86_64 | 1.3.82 | 17.00 | 106.00 | 123.00 | OK |
Version: 1.3.82
Check: data for non-ASCII characters
Result: NOTE
Note: found 26334 marked UTF-8 strings
Flavors: r-devel-linux-x86_64-fedora-clang, r-devel-linux-x86_64-fedora-gcc, r-devel-windows-x86_64-gcc10-UCRT, r-patched-solaris-x86, r-release-macos-arm64, r-release-macos-x86_64, r-oldrel-macos-x86_64