CRAN Package Check Results for Package Rcmdr

Last updated on 2021-07-01 01:49:23 CEST.

Flavor Version Tinstall Tcheck Ttotal Status Flags
r-devel-linux-x86_64-debian-clang 2.7-1 51.40 254.20 305.60 OK
r-devel-linux-x86_64-debian-gcc 2.7-1 36.87 187.85 224.72 OK
r-devel-linux-x86_64-fedora-clang 2.7-1 392.91 NOTE
r-devel-linux-x86_64-fedora-gcc 2.7-1 365.24 OK
r-devel-windows-x86_64 2.7-1 67.00 260.00 327.00 NOTE
r-devel-windows-x86_64-gcc10-UCRT 2.7-1 OK
r-patched-linux-x86_64 2.7-1 45.95 241.53 287.48 OK
r-patched-solaris-x86 2.7-1 389.40 NOTE
r-release-linux-x86_64 2.7-1 48.71 242.15 290.86 OK
r-release-macos-arm64 2.7-1 NOTE
r-release-macos-x86_64 2.7-1 NOTE
r-release-windows-ix86+x86_64 2.7-1 75.00 231.00 306.00 NOTE
r-oldrel-macos-x86_64 2.7-1 NOTE
r-oldrel-windows-ix86+x86_64 2.7-1 83.00 201.00 284.00 NOTE

Check Details

Version: 2.7-1
Check: installed package size
Result: NOTE
     installed size is 6.5Mb
     sub-directories of 1Mb or more:
     R 1.2Mb
     doc 2.3Mb
     po 2.4Mb
Flavors: r-devel-linux-x86_64-fedora-clang, r-devel-windows-x86_64, r-patched-solaris-x86, r-release-macos-arm64, r-release-macos-x86_64, r-release-windows-ix86+x86_64, r-oldrel-macos-x86_64, r-oldrel-windows-ix86+x86_64