Last updated on 2021-07-01 01:49:23 CEST.
Flavor | Version | Tinstall | Tcheck | Ttotal | Status | Flags |
---|---|---|---|---|---|---|
r-devel-linux-x86_64-debian-clang | 0.0.5 | 18.33 | 127.54 | 145.87 | OK | |
r-devel-linux-x86_64-debian-gcc | 0.0.5 | 14.48 | 96.36 | 110.84 | OK | |
r-devel-linux-x86_64-fedora-clang | 0.0.5 | 194.57 | NOTE | |||
r-devel-linux-x86_64-fedora-gcc | 0.0.5 | 177.31 | OK | |||
r-devel-windows-x86_64 | 0.0.5 | 31.00 | 142.00 | 173.00 | OK | |
r-devel-windows-x86_64-gcc10-UCRT | 0.0.5 | OK | ||||
r-patched-linux-x86_64 | 0.0.5 | 15.94 | 121.00 | 136.94 | OK | |
r-patched-solaris-x86 | 0.0.5 | 282.20 | OK | |||
r-release-linux-x86_64 | 0.0.5 | 16.13 | 120.04 | 136.17 | OK | |
r-release-macos-arm64 | 0.0.5 | OK | ||||
r-release-macos-x86_64 | 0.0.5 | OK | ||||
r-release-windows-ix86+x86_64 | 0.0.5 | 37.00 | 151.00 | 188.00 | OK | |
r-oldrel-macos-x86_64 | 0.0.5 | OK | ||||
r-oldrel-windows-ix86+x86_64 | 0.0.5 | 28.00 | 115.00 | 143.00 | OK |
Version: 0.0.5
Check: Rd cross-references
Result: NOTE
Undeclared package ‘car’ in Rd xrefs
Flavor: r-devel-linux-x86_64-fedora-clang