Last updated on 2021-07-01 01:49:23 CEST.
Flavor | Version | Tinstall | Tcheck | Ttotal | Status | Flags |
---|---|---|---|---|---|---|
r-devel-linux-x86_64-debian-clang | 0.1.0 | 20.66 | 30.85 | 51.51 | NOTE | |
r-devel-linux-x86_64-debian-gcc | 0.1.0 | 14.52 | 23.36 | 37.88 | NOTE | |
r-devel-linux-x86_64-fedora-clang | 0.1.0 | 77.14 | NOTE | |||
r-devel-linux-x86_64-fedora-gcc | 0.1.0 | 61.23 | NOTE | |||
r-devel-windows-x86_64 | 0.1.0 | 20.00 | 57.00 | 77.00 | NOTE | |
r-devel-windows-x86_64-gcc10-UCRT | 0.1.0 | NOTE | ||||
r-patched-linux-x86_64 | 0.1.0 | 16.30 | 29.02 | 45.32 | NOTE | |
r-patched-solaris-x86 | 0.1.0 | 77.40 | NOTE | |||
r-release-linux-x86_64 | 0.1.0 | 15.79 | 29.02 | 44.81 | NOTE | |
r-release-macos-arm64 | 0.1.0 | NOTE | ||||
r-release-macos-x86_64 | 0.1.0 | NOTE | ||||
r-release-windows-ix86+x86_64 | 0.1.0 | 35.00 | 74.00 | 109.00 | NOTE | |
r-oldrel-macos-x86_64 | 0.1.0 | OK | ||||
r-oldrel-windows-ix86+x86_64 | 0.1.0 | 53.00 | 75.00 | 128.00 | OK |
Version: 0.1.0
Check: LazyData
Result: NOTE
'LazyData' is specified without a 'data' directory
Flavors: r-devel-linux-x86_64-debian-clang, r-devel-linux-x86_64-debian-gcc, r-devel-linux-x86_64-fedora-clang, r-devel-linux-x86_64-fedora-gcc, r-devel-windows-x86_64, r-devel-windows-x86_64-gcc10-UCRT, r-patched-linux-x86_64, r-patched-solaris-x86, r-release-linux-x86_64, r-release-macos-arm64, r-release-macos-x86_64, r-release-windows-ix86+x86_64