Last updated on 2021-07-01 01:49:23 CEST.
Flavor | Version | Tinstall | Tcheck | Ttotal | Status | Flags |
---|---|---|---|---|---|---|
r-devel-linux-x86_64-debian-clang | 0.2.3 | 53.57 | 68.00 | 121.57 | OK | |
r-devel-linux-x86_64-debian-gcc | 0.2.3 | 35.15 | 56.06 | 91.21 | OK | |
r-devel-linux-x86_64-fedora-clang | 0.2.3 | 162.38 | NOTE | |||
r-devel-linux-x86_64-fedora-gcc | 0.2.3 | 153.21 | OK | |||
r-devel-windows-x86_64 | 0.2.3 | 52.00 | 112.00 | 164.00 | NOTE | |
r-devel-windows-x86_64-gcc10-UCRT | 0.2.3 | OK | ||||
r-patched-linux-x86_64 | 0.2.3 | 40.96 | 67.06 | 108.02 | OK | |
r-patched-solaris-x86 | 0.2.3 | 186.60 | NOTE | |||
r-release-linux-x86_64 | 0.2.3 | 38.39 | 67.62 | 106.01 | OK | |
r-release-macos-arm64 | 0.2.3 | NOTE | ||||
r-release-macos-x86_64 | 0.2.3 | NOTE | ||||
r-release-windows-ix86+x86_64 | 0.2.3 | 95.00 | 181.00 | 276.00 | NOTE | |
r-oldrel-macos-x86_64 | 0.2.3 | NOTE | ||||
r-oldrel-windows-ix86+x86_64 | 0.2.3 | 120.00 | 161.00 | 281.00 | NOTE |
Version: 0.2.3
Check: installed package size
Result: NOTE
installed size is 9.9Mb
sub-directories of 1Mb or more:
include 7.0Mb
libs 2.5Mb
Flavors: r-devel-linux-x86_64-fedora-clang, r-devel-windows-x86_64, r-patched-solaris-x86, r-release-macos-arm64, r-release-macos-x86_64, r-release-windows-ix86+x86_64, r-oldrel-macos-x86_64, r-oldrel-windows-ix86+x86_64