Last updated on 2021-07-01 01:49:23 CEST.
Flavor | Version | Tinstall | Tcheck | Ttotal | Status | Flags |
---|---|---|---|---|---|---|
r-devel-linux-x86_64-debian-clang | 2.1.1 | 3.17 | 30.76 | 33.93 | NOTE | |
r-devel-linux-x86_64-debian-gcc | 2.1.1 | 2.13 | 24.24 | 26.37 | NOTE | |
r-devel-linux-x86_64-fedora-clang | 2.1.1 | 50.86 | NOTE | |||
r-devel-linux-x86_64-fedora-gcc | 2.1.1 | 40.11 | NOTE | |||
r-devel-windows-x86_64-gcc10-UCRT | 2.1.1 | NOTE | ||||
r-patched-linux-x86_64 | 2.1.1 | 3.02 | 29.61 | 32.63 | NOTE | |
r-patched-solaris-x86 | 2.1.1 | 67.70 | NOTE | |||
r-release-linux-x86_64 | 2.1.1 | 3.05 | 29.99 | 33.04 | NOTE | |
r-release-macos-arm64 | 2.1.1 | NOTE | ||||
r-release-macos-x86_64 | 2.1.1 | NOTE | ||||
r-oldrel-macos-x86_64 | 2.1.1 | NOTE |
Version: 2.1.1
Check: dependencies in R code
Result: NOTE
'library' or 'require' call to 'synchronicity' in package code.
Please use :: or requireNamespace() instead.
See section 'Suggested packages' in the 'Writing R Extensions' manual.
Flavors: r-devel-linux-x86_64-debian-clang, r-devel-linux-x86_64-debian-gcc, r-devel-linux-x86_64-fedora-clang, r-devel-linux-x86_64-fedora-gcc, r-devel-windows-x86_64-gcc10-UCRT, r-patched-linux-x86_64, r-patched-solaris-x86, r-release-linux-x86_64, r-release-macos-arm64, r-release-macos-x86_64, r-oldrel-macos-x86_64
Version: 2.1.1
Check: for non-standard things in the check directory
Result: NOTE
Found the following files/directories:
'a.desc' 'b.desc' 'barrnumleft.desc' 'barrsense.desc' 'c.desc'
'm.desc' 'u.desc' 'x' 'x.desc'
Flavors: r-devel-linux-x86_64-debian-clang, r-devel-linux-x86_64-debian-gcc, r-devel-linux-x86_64-fedora-clang, r-devel-linux-x86_64-fedora-gcc, r-patched-linux-x86_64, r-patched-solaris-x86, r-release-linux-x86_64