CRAN Package Check Results for Package ReviewR

Last updated on 2021-07-01 01:49:24 CEST.

Flavor Version Tinstall Tcheck Ttotal Status Flags
r-devel-linux-x86_64-debian-clang 2.3.6 21.62 142.08 163.70 OK
r-devel-linux-x86_64-debian-gcc 2.3.6 18.43 102.83 121.26 OK
r-devel-linux-x86_64-fedora-clang 2.3.6 150.00 NOTE
r-devel-linux-x86_64-fedora-gcc 2.3.6 193.17 NOTE
r-devel-windows-x86_64 2.3.6 36.00 168.00 204.00 OK
r-devel-windows-x86_64-gcc10-UCRT 2.3.6 NOTE
r-patched-linux-x86_64 2.3.6 18.67 131.01 149.68 OK
r-patched-solaris-x86 2.3.6 283.60 WARN
r-release-linux-x86_64 2.3.6 19.14 133.86 153.00 OK
r-release-macos-arm64 2.3.6 WARN
r-release-macos-x86_64 2.3.6 WARN
r-release-windows-ix86+x86_64 2.3.6 44.00 173.00 217.00 OK
r-oldrel-macos-x86_64 2.3.6 WARN
r-oldrel-windows-ix86+x86_64 2.3.6 45.00 144.00 189.00 OK

Check Details

Version: 2.3.6
Check: package dependencies
Result: NOTE
    Imports includes 30 non-default packages.
    Importing from so many packages makes the package vulnerable to any of
    them becoming unavailable. Move as many as possible to Suggests and
    use conditionally.
Flavor: r-devel-linux-x86_64-fedora-clang

Version: 2.3.6
Check: dependencies in R code
Result: NOTE
    Namespace in Imports field not imported from: ‘pkgload’
     All declared Imports should be used.
Flavors: r-devel-linux-x86_64-fedora-clang, r-devel-linux-x86_64-fedora-gcc, r-devel-windows-x86_64-gcc10-UCRT, r-patched-solaris-x86, r-release-macos-arm64, r-release-macos-x86_64, r-oldrel-macos-x86_64

Version: 2.3.6
Check: data for non-ASCII characters
Result: NOTE
     Note: found 12 marked UTF-8 strings
Flavors: r-devel-linux-x86_64-fedora-clang, r-devel-linux-x86_64-fedora-gcc, r-devel-windows-x86_64-gcc10-UCRT, r-patched-solaris-x86, r-release-macos-arm64, r-release-macos-x86_64, r-oldrel-macos-x86_64

Version: 2.3.6
Check: re-building of vignette outputs
Result: WARN
    Error(s) in re-building vignettes:
     ...
    --- re-building ‘customize_support_new_data_model.Rmd’ using rmarkdown
    Warning in engine$weave(file, quiet = quiet, encoding = enc) :
     Pandoc (>= 1.12.3) not available. Falling back to R Markdown v1.
    Quitting from lines 68-75 (customize_support_new_data_model.Rmd)
    Error: processing vignette 'customize_support_new_data_model.Rmd' failed with diagnostics:
    there is no package called 'webshot'
    --- failed re-building ‘customize_support_new_data_model.Rmd’
    
    --- re-building ‘customize_support_new_rdbms.Rmd’ using rmarkdown
    Warning in engine$weave(file, quiet = quiet, encoding = enc) :
     Pandoc (>= 1.12.3) not available. Falling back to R Markdown v1.
    --- finished re-building ‘customize_support_new_rdbms.Rmd’
    
    --- re-building ‘deploy_bigquery.Rmd’ using rmarkdown
    Warning in engine$weave(file, quiet = quiet, encoding = enc) :
     Pandoc (>= 1.12.3) not available. Falling back to R Markdown v1.
    --- finished re-building ‘deploy_bigquery.Rmd’
    
    --- re-building ‘deploy_docker.Rmd’ using rmarkdown
    Warning in engine$weave(file, quiet = quiet, encoding = enc) :
     Pandoc (>= 1.12.3) not available. Falling back to R Markdown v1.
    --- finished re-building ‘deploy_docker.Rmd’
    
    --- re-building ‘deploy_local.Rmd’ using rmarkdown
    Warning in engine$weave(file, quiet = quiet, encoding = enc) :
     Pandoc (>= 1.12.3) not available. Falling back to R Markdown v1.
    --- finished re-building ‘deploy_local.Rmd’
    
    --- re-building ‘deploy_server.Rmd’ using rmarkdown
    Warning in engine$weave(file, quiet = quiet, encoding = enc) :
     Pandoc (>= 1.12.3) not available. Falling back to R Markdown v1.
    --- finished re-building ‘deploy_server.Rmd’
    
    --- re-building ‘usage_connect_to_record_database.Rmd’ using rmarkdown
    Warning in engine$weave(file, quiet = quiet, encoding = enc) :
     Pandoc (>= 1.12.3) not available. Falling back to R Markdown v1.
    --- finished re-building ‘usage_connect_to_record_database.Rmd’
    
    --- re-building ‘usage_connect_to_redcap.Rmd’ using rmarkdown
    Warning in engine$weave(file, quiet = quiet, encoding = enc) :
     Pandoc (>= 1.12.3) not available. Falling back to R Markdown v1.
    
    Attaching package: 'dplyr'
    
    The following objects are masked from 'package:stats':
    
     filter, lag
    
    The following objects are masked from 'package:base':
    
     intersect, setdiff, setequal, union
    
    --- finished re-building ‘usage_connect_to_redcap.Rmd’
    
    --- re-building ‘usage_perform_chart_review.Rmd’ using rmarkdown
    Warning in engine$weave(file, quiet = quiet, encoding = enc) :
     Pandoc (>= 1.12.3) not available. Falling back to R Markdown v1.
    --- finished re-building ‘usage_perform_chart_review.Rmd’
    
    SUMMARY: processing the following file failed:
     ‘customize_support_new_data_model.Rmd’
    
    Error: Vignette re-building failed.
    Execution halted
Flavor: r-patched-solaris-x86

Version: 2.3.6
Check: re-building of vignette outputs
Result: WARN
    Error(s) in re-building vignettes:
    --- re-building ‘customize_support_new_data_model.Rmd’ using rmarkdown
    Warning in engine$weave(file, quiet = quiet, encoding = enc) :
     Pandoc (>= 1.12.3) not available. Falling back to R Markdown v1.
    Quitting from lines 68-75 (customize_support_new_data_model.Rmd)
    Error: processing vignette 'customize_support_new_data_model.Rmd' failed with diagnostics:
    invalid 'path' argument
    --- failed re-building ‘customize_support_new_data_model.Rmd’
    
    --- re-building ‘customize_support_new_rdbms.Rmd’ using rmarkdown
    Warning in engine$weave(file, quiet = quiet, encoding = enc) :
     Pandoc (>= 1.12.3) not available. Falling back to R Markdown v1.
    --- finished re-building ‘customize_support_new_rdbms.Rmd’
    
    --- re-building ‘deploy_bigquery.Rmd’ using rmarkdown
    Warning in engine$weave(file, quiet = quiet, encoding = enc) :
     Pandoc (>= 1.12.3) not available. Falling back to R Markdown v1.
    --- finished re-building ‘deploy_bigquery.Rmd’
    
    --- re-building ‘deploy_docker.Rmd’ using rmarkdown
    Warning in engine$weave(file, quiet = quiet, encoding = enc) :
     Pandoc (>= 1.12.3) not available. Falling back to R Markdown v1.
    --- finished re-building ‘deploy_docker.Rmd’
    
    --- re-building ‘deploy_local.Rmd’ using rmarkdown
    Warning in engine$weave(file, quiet = quiet, encoding = enc) :
     Pandoc (>= 1.12.3) not available. Falling back to R Markdown v1.
    --- finished re-building ‘deploy_local.Rmd’
    
    --- re-building ‘deploy_server.Rmd’ using rmarkdown
    Warning in engine$weave(file, quiet = quiet, encoding = enc) :
     Pandoc (>= 1.12.3) not available. Falling back to R Markdown v1.
    --- finished re-building ‘deploy_server.Rmd’
    
    --- re-building ‘usage_connect_to_record_database.Rmd’ using rmarkdown
    Warning in engine$weave(file, quiet = quiet, encoding = enc) :
     Pandoc (>= 1.12.3) not available. Falling back to R Markdown v1.
    --- finished re-building ‘usage_connect_to_record_database.Rmd’
    
    --- re-building ‘usage_connect_to_redcap.Rmd’ using rmarkdown
    Warning in engine$weave(file, quiet = quiet, encoding = enc) :
     Pandoc (>= 1.12.3) not available. Falling back to R Markdown v1.
    
    Attaching package: 'dplyr'
    
    The following objects are masked from 'package:stats':
    
     filter, lag
    
    The following objects are masked from 'package:base':
    
     intersect, setdiff, setequal, union
    
    --- finished re-building ‘usage_connect_to_redcap.Rmd’
    
    --- re-building ‘usage_perform_chart_review.Rmd’ using rmarkdown
    Warning in engine$weave(file, quiet = quiet, encoding = enc) :
     Pandoc (>= 1.12.3) not available. Falling back to R Markdown v1.
    --- finished re-building ‘usage_perform_chart_review.Rmd’
    
    SUMMARY: processing the following file failed:
     ‘customize_support_new_data_model.Rmd’
    
    Error: Vignette re-building failed.
    Execution halted
Flavors: r-release-macos-arm64, r-release-macos-x86_64

Version: 2.3.6
Check: re-building of vignette outputs
Result: WARN
    Error(s) in re-building vignettes:
    --- re-building ‘customize_support_new_data_model.Rmd’ using rmarkdown
    Warning in engine$weave(file, quiet = quiet, encoding = enc) :
     Pandoc (>= 1.12.3) and/or pandoc-citeproc not available. Falling back to R Markdown v1.
    Quitting from lines 68-75 (customize_support_new_data_model.Rmd)
    Error: processing vignette 'customize_support_new_data_model.Rmd' failed with diagnostics:
    invalid 'path' argument
    --- failed re-building ‘customize_support_new_data_model.Rmd’
    
    --- re-building ‘customize_support_new_rdbms.Rmd’ using rmarkdown
    Warning in engine$weave(file, quiet = quiet, encoding = enc) :
     Pandoc (>= 1.12.3) and/or pandoc-citeproc not available. Falling back to R Markdown v1.
    --- finished re-building ‘customize_support_new_rdbms.Rmd’
    
    --- re-building ‘deploy_bigquery.Rmd’ using rmarkdown
    Warning in engine$weave(file, quiet = quiet, encoding = enc) :
     Pandoc (>= 1.12.3) and/or pandoc-citeproc not available. Falling back to R Markdown v1.
    --- finished re-building ‘deploy_bigquery.Rmd’
    
    --- re-building ‘deploy_docker.Rmd’ using rmarkdown
    Warning in engine$weave(file, quiet = quiet, encoding = enc) :
     Pandoc (>= 1.12.3) and/or pandoc-citeproc not available. Falling back to R Markdown v1.
    --- finished re-building ‘deploy_docker.Rmd’
    
    --- re-building ‘deploy_local.Rmd’ using rmarkdown
    Warning in engine$weave(file, quiet = quiet, encoding = enc) :
     Pandoc (>= 1.12.3) and/or pandoc-citeproc not available. Falling back to R Markdown v1.
    --- finished re-building ‘deploy_local.Rmd’
    
    --- re-building ‘deploy_server.Rmd’ using rmarkdown
    Warning in engine$weave(file, quiet = quiet, encoding = enc) :
     Pandoc (>= 1.12.3) and/or pandoc-citeproc not available. Falling back to R Markdown v1.
    --- finished re-building ‘deploy_server.Rmd’
    
    --- re-building ‘usage_connect_to_record_database.Rmd’ using rmarkdown
    Warning in engine$weave(file, quiet = quiet, encoding = enc) :
     Pandoc (>= 1.12.3) and/or pandoc-citeproc not available. Falling back to R Markdown v1.
    --- finished re-building ‘usage_connect_to_record_database.Rmd’
    
    --- re-building ‘usage_connect_to_redcap.Rmd’ using rmarkdown
    Warning in engine$weave(file, quiet = quiet, encoding = enc) :
     Pandoc (>= 1.12.3) and/or pandoc-citeproc not available. Falling back to R Markdown v1.
    
    Attaching package: 'dplyr'
    
    The following objects are masked from 'package:stats':
    
     filter, lag
    
    The following objects are masked from 'package:base':
    
     intersect, setdiff, setequal, union
    
    --- finished re-building ‘usage_connect_to_redcap.Rmd’
    
    --- re-building ‘usage_perform_chart_review.Rmd’ using rmarkdown
    Warning in engine$weave(file, quiet = quiet, encoding = enc) :
     Pandoc (>= 1.12.3) and/or pandoc-citeproc not available. Falling back to R Markdown v1.
    --- finished re-building ‘usage_perform_chart_review.Rmd’
    
    SUMMARY: processing the following file failed:
     ‘customize_support_new_data_model.Rmd’
    
    Error: Vignette re-building failed.
    Execution halted
Flavor: r-oldrel-macos-x86_64