Last updated on 2021-07-01 01:49:24 CEST.
Flavor | Version | Tinstall | Tcheck | Ttotal | Status | Flags |
---|---|---|---|---|---|---|
r-devel-linux-x86_64-debian-clang | 0.2.4 | 50.47 | 33.05 | 83.52 | NOTE | |
r-devel-linux-x86_64-debian-gcc | 0.2.4 | 35.82 | 26.09 | 61.91 | NOTE | |
r-devel-linux-x86_64-fedora-clang | 0.2.4 | 124.55 | NOTE | |||
r-devel-linux-x86_64-fedora-gcc | 0.2.4 | 108.00 | NOTE | |||
r-devel-windows-x86_64 | 0.2.4 | 46.00 | 64.00 | 110.00 | NOTE | |
r-devel-windows-x86_64-gcc10-UCRT | 0.2.4 | NOTE | ||||
r-patched-linux-x86_64 | 0.2.4 | 41.46 | 31.54 | 73.00 | NOTE | |
r-patched-solaris-x86 | 0.2.4 | 114.90 | NOTE | |||
r-release-linux-x86_64 | 0.2.4 | 41.07 | 31.56 | 72.63 | NOTE | |
r-release-macos-arm64 | 0.2.4 | NOTE | ||||
r-release-macos-x86_64 | 0.2.4 | NOTE | ||||
r-release-windows-ix86+x86_64 | 0.2.4 | 86.00 | 73.00 | 159.00 | NOTE | |
r-oldrel-macos-x86_64 | 0.2.4 | NOTE | ||||
r-oldrel-windows-ix86+x86_64 | 0.2.4 | 118.00 | 77.00 | 195.00 | OK |
Version: 0.2.4
Check: LazyData
Result: NOTE
'LazyData' is specified without a 'data' directory
Flavors: r-devel-linux-x86_64-debian-clang, r-devel-linux-x86_64-debian-gcc, r-devel-linux-x86_64-fedora-clang, r-devel-linux-x86_64-fedora-gcc, r-devel-windows-x86_64, r-devel-windows-x86_64-gcc10-UCRT, r-patched-linux-x86_64, r-patched-solaris-x86, r-release-linux-x86_64, r-release-macos-arm64, r-release-macos-x86_64, r-release-windows-ix86+x86_64
Version: 0.2.4
Check: installed package size
Result: NOTE
installed size is 6.4Mb
sub-directories of 1Mb or more:
libs 6.2Mb
Flavors: r-release-macos-arm64, r-release-macos-x86_64, r-oldrel-macos-x86_64