Last updated on 2021-07-01 01:49:24 CEST.
Flavor | Version | Tinstall | Tcheck | Ttotal | Status | Flags |
---|---|---|---|---|---|---|
r-devel-linux-x86_64-debian-clang | 2.1.7 | 3.36 | 44.54 | 47.90 | OK | |
r-devel-linux-x86_64-debian-gcc | 2.1.7 | 2.36 | 31.70 | 34.06 | OK | |
r-devel-linux-x86_64-fedora-clang | 2.1.7 | 66.03 | NOTE | |||
r-devel-linux-x86_64-fedora-gcc | 2.1.7 | 56.98 | NOTE | |||
r-devel-windows-x86_64 | 2.1.7 | 4.00 | 61.00 | 65.00 | OK | |
r-devel-windows-x86_64-gcc10-UCRT | 2.1.7 | NOTE | ||||
r-patched-linux-x86_64 | 2.1.7 | 2.82 | 41.50 | 44.32 | OK | |
r-patched-solaris-x86 | 2.1.7 | 74.90 | NOTE | |||
r-release-linux-x86_64 | 2.1.7 | 2.86 | 40.91 | 43.77 | OK | |
r-release-macos-arm64 | 2.1.5 | NOTE | ||||
r-release-macos-x86_64 | 2.1.7 | NOTE | ||||
r-release-windows-ix86+x86_64 | 2.1.7 | 4.00 | 58.00 | 62.00 | OK | |
r-oldrel-macos-x86_64 | 2.1.7 | NOTE | ||||
r-oldrel-windows-ix86+x86_64 | 2.1.7 | 6.00 | 60.00 | 66.00 | OK |
Version: 2.1.7
Check: dependencies in R code
Result: NOTE
Namespace in Imports field not imported from: ‘MASS’
All declared Imports should be used.
Flavors: r-devel-linux-x86_64-fedora-clang, r-devel-linux-x86_64-fedora-gcc, r-devel-windows-x86_64-gcc10-UCRT, r-patched-solaris-x86, r-release-macos-x86_64, r-oldrel-macos-x86_64
Version: 2.1.5
Check: dependencies in R code
Result: NOTE
Namespace in Imports field not imported from: ‘MASS’
All declared Imports should be used.
Flavor: r-release-macos-arm64