Last updated on 2021-07-01 01:49:24 CEST.
Flavor | Version | Tinstall | Tcheck | Ttotal | Status | Flags |
---|---|---|---|---|---|---|
r-devel-linux-x86_64-debian-clang | 1.3.5 | 2.01 | 21.73 | 23.74 | NOTE | --no-examples --no-tests --no-vignettes |
r-devel-linux-x86_64-debian-gcc | 1.3.5 | 1.49 | 17.24 | 18.73 | NOTE | --no-examples --no-tests --no-vignettes |
r-devel-linux-x86_64-fedora-clang | 1.3.5 | 39.66 | OK | |||
r-devel-linux-x86_64-fedora-gcc | 1.3.5 | 28.98 | OK | |||
r-devel-windows-x86_64 | 1.3.5 | 4.00 | 38.00 | 42.00 | OK | |
r-devel-windows-x86_64-gcc10-UCRT | 1.3.5 | OK | ||||
r-patched-linux-x86_64 | 1.3.5 | 1.84 | 20.97 | 22.81 | NOTE | --no-examples --no-tests --no-vignettes |
r-release-linux-x86_64 | 1.3.5 | 2.00 | 20.94 | 22.94 | NOTE | --no-examples --no-tests --no-vignettes |
r-release-macos-arm64 | 1.3.5 | OK | ||||
r-release-macos-x86_64 | 1.3.5 | OK | ||||
r-release-windows-ix86+x86_64 | 1.3.5 | 4.00 | 34.00 | 38.00 | OK | |
r-oldrel-macos-x86_64 | 1.3.5 | OK | ||||
r-oldrel-windows-ix86+x86_64 | 1.3.5 | 6.00 | 37.00 | 43.00 | OK |
Version: 1.3.5
Flags: --no-examples --no-tests --no-vignettes
Check: R code for possible problems
Result: NOTE
Found the following calls to attach():
File 'Rmosek/R/builder.R':
attach(builderenv, pos, name, warn.conflicts)
See section 'Good practice' in '?attach'.
Flavors: r-devel-linux-x86_64-debian-clang, r-devel-linux-x86_64-debian-gcc, r-patched-linux-x86_64, r-release-linux-x86_64