CRAN Package Check Results for Package RobStatTM

Last updated on 2021-07-01 01:49:24 CEST.

Flavor Version Tinstall Tcheck Ttotal Status Flags
r-devel-linux-x86_64-debian-clang 1.0.2 15.86 88.03 103.89 OK
r-devel-linux-x86_64-debian-gcc 1.0.2 11.42 65.03 76.45 OK
r-devel-linux-x86_64-fedora-clang 1.0.2 132.34 NOTE
r-devel-linux-x86_64-fedora-gcc 1.0.2 123.09 NOTE
r-devel-windows-x86_64 1.0.2 21.00 111.00 132.00 OK
r-devel-windows-x86_64-gcc10-UCRT 1.0.2 NOTE
r-patched-linux-x86_64 1.0.2 19.31 83.76 103.07 OK
r-patched-solaris-x86 1.0.2 156.20 NOTE
r-release-linux-x86_64 1.0.2 13.37 83.92 97.29 OK
r-release-macos-arm64 1.0.2 NOTE
r-release-macos-x86_64 1.0.2 NOTE
r-release-windows-ix86+x86_64 1.0.2 52.00 136.00 188.00 OK
r-oldrel-macos-x86_64 1.0.2 NOTE
r-oldrel-windows-ix86+x86_64 1.0.2 31.00 112.00 143.00 OK

Check Details

Version: 1.0.2
Check: dependencies in R code
Result: NOTE
    Namespaces in Imports field not imported from:
     ‘DEoptimR’ ‘DT’ ‘PerformanceAnalytics’ ‘ggplot2’ ‘graphics’
     ‘gridExtra’ ‘methods’ ‘shinyjs’ ‘utils’ ‘xts’
     All declared Imports should be used.
Flavors: r-devel-linux-x86_64-fedora-clang, r-devel-linux-x86_64-fedora-gcc, r-devel-windows-x86_64-gcc10-UCRT, r-patched-solaris-x86, r-release-macos-arm64, r-release-macos-x86_64, r-oldrel-macos-x86_64