CRAN Package Check Results for Package Rook

Last updated on 2021-07-01 01:49:24 CEST.

Flavor Version Tinstall Tcheck Ttotal Status Flags
r-devel-linux-x86_64-debian-clang 1.1-1 6.60 34.22 40.82 OK
r-devel-linux-x86_64-debian-gcc 1.1-1 4.77 26.51 31.28 OK
r-devel-linux-x86_64-fedora-clang 1.1-1 58.09 NOTE
r-devel-linux-x86_64-fedora-gcc 1.1-1 48.18 NOTE
r-devel-windows-x86_64 1.1-1 9.00 49.00 58.00 OK
r-devel-windows-x86_64-gcc10-UCRT 1.1-1 OK
r-patched-linux-x86_64 1.1-1 5.76 32.83 38.59 OK
r-patched-solaris-x86 1.1-1 70.10 OK
r-release-linux-x86_64 1.1-1 5.32 33.18 38.50 OK
r-release-macos-arm64 1.1-1 OK
r-release-macos-x86_64 1.1-1 OK
r-release-windows-ix86+x86_64 1.1-1 10.00 44.00 54.00 OK
r-oldrel-macos-x86_64 1.1-1 OK
r-oldrel-windows-ix86+x86_64 1.1-1 10.00 56.00 66.00 OK

Additional issues

rchk

Check Details

Version: 1.1-1
Check: compiled code
Result: NOTE
    File ‘Rook/libs/Rook.so’:
     Found no call to: ‘R_useDynamicSymbols’
    
    It is good practice to register native routines and to disable symbol
    search.
    
    See ‘Writing portable packages’ in the ‘Writing R Extensions’ manual.
Flavors: r-devel-linux-x86_64-fedora-clang, r-devel-linux-x86_64-fedora-gcc