Last updated on 2021-07-01 01:49:25 CEST.
Flavor | Version | Tinstall | Tcheck | Ttotal | Status | Flags |
---|---|---|---|---|---|---|
r-devel-linux-x86_64-debian-clang | 2.1.0 | 28.64 | 249.94 | 278.58 | OK | |
r-devel-linux-x86_64-debian-gcc | 2.1.0 | 22.11 | 184.68 | 206.79 | OK | |
r-devel-linux-x86_64-fedora-clang | 2.1.0 | 332.39 | OK | |||
r-devel-linux-x86_64-fedora-gcc | 2.1.0 | 321.35 | OK | |||
r-devel-windows-x86_64 | 2.1.0 | 67.00 | 311.00 | 378.00 | OK | |
r-devel-windows-x86_64-gcc10-UCRT | 2.1.0 | OK | ||||
r-patched-linux-x86_64 | 2.1.0 | 28.33 | 231.34 | 259.67 | OK | |
r-patched-solaris-x86 | 2.1.0 | 463.70 | OK | |||
r-release-linux-x86_64 | 2.1.0 | 24.41 | 231.82 | 256.23 | OK | |
r-release-macos-arm64 | 2.1.0 | ERROR | ||||
r-release-macos-x86_64 | 2.1.0 | OK | ||||
r-release-windows-ix86+x86_64 | 2.1.0 | 79.00 | 335.00 | 414.00 | OK | |
r-oldrel-macos-x86_64 | 2.1.0 | OK | ||||
r-oldrel-windows-ix86+x86_64 | 2.1.0 | 72.00 | 256.00 | 328.00 | OK |
Version: 2.1.0
Check: package dependencies
Result: ERROR
Package required but not available: ‘plotKML’
See section ‘The DESCRIPTION file’ in the ‘Writing R Extensions’
manual.
Flavor: r-release-macos-arm64