Last updated on 2021-07-01 01:49:25 CEST.
Flavor | Version | Tinstall | Tcheck | Ttotal | Status | Flags |
---|---|---|---|---|---|---|
r-devel-linux-x86_64-debian-clang | 1.0 | 1.88 | 29.91 | 31.79 | OK | |
r-devel-linux-x86_64-debian-gcc | 1.0 | 1.61 | 22.93 | 24.54 | OK | |
r-devel-linux-x86_64-fedora-clang | 1.0 | 47.39 | NOTE | |||
r-devel-linux-x86_64-fedora-gcc | 1.0 | 36.92 | OK | |||
r-devel-windows-x86_64 | 1.0 | 3.00 | 47.00 | 50.00 | OK | |
r-devel-windows-x86_64-gcc10-UCRT | 1.0 | OK | ||||
r-patched-linux-x86_64 | 1.0 | 2.21 | 28.81 | 31.02 | OK | |
r-patched-solaris-x86 | 1.0 | 57.00 | OK | |||
r-release-linux-x86_64 | 1.0 | 1.90 | 28.54 | 30.44 | OK | |
r-release-macos-arm64 | 1.0 | OK | ||||
r-release-macos-x86_64 | 1.0 | OK | ||||
r-release-windows-ix86+x86_64 | 1.0 | 4.00 | 38.00 | 42.00 | OK | |
r-oldrel-macos-x86_64 | 1.0 | OK | ||||
r-oldrel-windows-ix86+x86_64 | 1.0 | 5.00 | 45.00 | 50.00 | OK |
Version: 1.0
Check: Rd cross-references
Result: NOTE
Undeclared packages ‘EDNE.EQ’, ‘T2EQ’ in Rd xrefs
Flavor: r-devel-linux-x86_64-fedora-clang