Last updated on 2021-07-01 01:49:28 CEST.
Flavor | Version | Tinstall | Tcheck | Ttotal | Status | Flags |
---|---|---|---|---|---|---|
r-devel-linux-x86_64-debian-clang | 0.2.22 | 21.46 | 189.34 | 210.80 | OK | |
r-devel-linux-x86_64-debian-gcc | 0.2.22 | 17.02 | 138.00 | 155.02 | OK | |
r-devel-linux-x86_64-fedora-clang | 0.2.22 | 261.18 | OK | |||
r-devel-linux-x86_64-fedora-gcc | 0.2.22 | 251.69 | OK | |||
r-devel-windows-x86_64 | 0.2.22 | 37.00 | 215.00 | 252.00 | OK | |
r-devel-windows-x86_64-gcc10-UCRT | 0.2.22 | OK | ||||
r-patched-linux-x86_64 | 0.2.22 | 23.45 | 175.57 | 199.02 | OK | |
r-patched-solaris-x86 | 0.2.22 | 361.90 | OK | |||
r-release-linux-x86_64 | 0.2.22 | 19.02 | 176.22 | 195.24 | OK | |
r-release-macos-arm64 | 0.2.22 | ERROR | ||||
r-release-macos-x86_64 | 0.2.22 | ERROR | ||||
r-release-windows-ix86+x86_64 | 0.2.22 | 58.00 | 220.00 | 278.00 | OK | |
r-oldrel-macos-x86_64 | 0.2.22 | OK | ||||
r-oldrel-windows-ix86+x86_64 | 0.2.22 | 52.00 | 181.00 | 233.00 | OK |
Version: 0.2.22
Check: package dependencies
Result: ERROR
Package required but not available: ‘udunits2’
See section ‘The DESCRIPTION file’ in the ‘Writing R Extensions’
manual.
Flavors: r-release-macos-arm64, r-release-macos-x86_64