Last updated on 2021-07-01 01:49:26 CEST.
Flavor | Version | Tinstall | Tcheck | Ttotal | Status | Flags |
---|---|---|---|---|---|---|
r-devel-linux-x86_64-debian-clang | 0.3.7 | 79.42 | 39.96 | 119.38 | NOTE | |
r-devel-linux-x86_64-debian-gcc | 0.3.7 | 59.27 | 31.99 | 91.26 | NOTE | |
r-devel-linux-x86_64-fedora-clang | 0.3.7 | 191.76 | NOTE | |||
r-devel-linux-x86_64-fedora-gcc | 0.3.7 | 164.13 | NOTE | |||
r-devel-windows-x86_64 | 0.3.7 | 70.00 | 69.00 | 139.00 | NOTE | |
r-devel-windows-x86_64-gcc10-UCRT | 0.3.7 | NOTE | ||||
r-patched-linux-x86_64 | 0.3.7 | 70.35 | 38.86 | 109.21 | NOTE | |
r-patched-solaris-x86 | 0.3.7 | 182.20 | NOTE | |||
r-release-linux-x86_64 | 0.3.7 | 69.23 | 38.52 | 107.75 | NOTE | |
r-release-macos-arm64 | 0.3.7 | NOTE | ||||
r-release-macos-x86_64 | 0.3.7 | NOTE | ||||
r-release-windows-ix86+x86_64 | 0.3.7 | 137.00 | 85.00 | 222.00 | NOTE | |
r-oldrel-macos-x86_64 | 0.3.7 | NOTE | ||||
r-oldrel-windows-ix86+x86_64 | 0.3.7 | 187.00 | 95.00 | 282.00 | NOTE |
Version: 0.3.7
Check: LazyData
Result: NOTE
'LazyData' is specified without a 'data' directory
Flavors: r-devel-linux-x86_64-debian-clang, r-devel-linux-x86_64-debian-gcc, r-devel-linux-x86_64-fedora-clang, r-devel-linux-x86_64-fedora-gcc, r-devel-windows-x86_64, r-devel-windows-x86_64-gcc10-UCRT, r-patched-linux-x86_64, r-patched-solaris-x86, r-release-linux-x86_64, r-release-macos-arm64, r-release-macos-x86_64, r-release-windows-ix86+x86_64
Version: 0.3.7
Check: for GNU extensions in Makefiles
Result: NOTE
GNU make is a SystemRequirements.
Flavors: r-devel-linux-x86_64-debian-clang, r-devel-linux-x86_64-debian-gcc, r-devel-linux-x86_64-fedora-clang, r-devel-linux-x86_64-fedora-gcc, r-devel-windows-x86_64, r-devel-windows-x86_64-gcc10-UCRT, r-patched-linux-x86_64, r-patched-solaris-x86, r-release-linux-x86_64, r-release-macos-arm64, r-release-macos-x86_64, r-release-windows-ix86+x86_64, r-oldrel-macos-x86_64, r-oldrel-windows-ix86+x86_64
Version: 0.3.7
Check: installed package size
Result: NOTE
installed size is 5.1Mb
sub-directories of 1Mb or more:
libs 4.7Mb
Flavors: r-devel-linux-x86_64-fedora-clang, r-release-macos-arm64, r-release-macos-x86_64, r-oldrel-macos-x86_64