Last updated on 2021-07-01 01:49:26 CEST.
Flavor | Version | Tinstall | Tcheck | Ttotal | Status | Flags |
---|---|---|---|---|---|---|
r-devel-linux-x86_64-debian-clang | 0.4.4 | 8.90 | 292.69 | 301.59 | OK | |
r-devel-linux-x86_64-debian-gcc | 0.4.4 | 7.56 | 232.52 | 240.08 | OK | |
r-devel-linux-x86_64-fedora-clang | 0.4.4 | 380.49 | NOTE | |||
r-devel-linux-x86_64-fedora-gcc | 0.4.4 | 375.73 | NOTE | |||
r-devel-windows-x86_64 | 0.4.4 | 21.00 | 370.00 | 391.00 | OK | |
r-devel-windows-x86_64-gcc10-UCRT | 0.4.4 | NOTE | ||||
r-patched-linux-x86_64 | 0.4.4 | 13.01 | 294.88 | 307.89 | OK | |
r-patched-solaris-x86 | 0.4.4 | 444.70 | NOTE | |||
r-release-linux-x86_64 | 0.4.4 | 7.87 | 303.66 | 311.53 | OK | |
r-release-macos-arm64 | 0.4.4 | NOTE | ||||
r-release-macos-x86_64 | 0.4.4 | NOTE | ||||
r-release-windows-ix86+x86_64 | 0.4.4 | 24.00 | 370.00 | 394.00 | OK | |
r-oldrel-macos-x86_64 | 0.4.4 | NOTE | ||||
r-oldrel-windows-ix86+x86_64 | 0.4.4 | 20.00 | 292.00 | 312.00 | OK |
Version: 0.4.4
Check: dependencies in R code
Result: NOTE
Namespace in Imports field not imported from: ‘dplyr’
All declared Imports should be used.
Flavors: r-devel-linux-x86_64-fedora-clang, r-devel-linux-x86_64-fedora-gcc, r-devel-windows-x86_64-gcc10-UCRT, r-patched-solaris-x86, r-release-macos-arm64, r-release-macos-x86_64, r-oldrel-macos-x86_64