Last updated on 2021-07-01 01:49:26 CEST.
Flavor | Version | Tinstall | Tcheck | Ttotal | Status | Flags |
---|---|---|---|---|---|---|
r-devel-linux-x86_64-debian-clang | 0.1.3 | 16.29 | 149.58 | 165.87 | NOTE | |
r-devel-linux-x86_64-debian-gcc | 0.1.3 | 13.28 | 110.13 | 123.41 | NOTE | |
r-devel-linux-x86_64-fedora-clang | 0.1.3 | 200.12 | NOTE | |||
r-devel-linux-x86_64-fedora-gcc | 0.1.3 | 191.08 | NOTE | |||
r-devel-windows-x86_64 | 0.1.3 | 39.00 | 167.00 | 206.00 | OK | |
r-devel-windows-x86_64-gcc10-UCRT | 0.1.3 | NOTE | ||||
r-patched-linux-x86_64 | 0.1.3 | 12.01 | 137.53 | 149.54 | NOTE | |
r-patched-solaris-x86 | 0.1.3 | 262.40 | NOTE | |||
r-release-linux-x86_64 | 0.1.3 | 14.31 | 138.09 | 152.40 | NOTE | |
r-release-macos-arm64 | 0.1.3 | NOTE | ||||
r-release-macos-x86_64 | 0.1.3 | NOTE | ||||
r-release-windows-ix86+x86_64 | 0.1.3 | 35.00 | 166.00 | 201.00 | OK | |
r-oldrel-macos-x86_64 | 0.1.3 | NOTE | ||||
r-oldrel-windows-ix86+x86_64 | 0.1.3 | 33.00 | 152.00 | 185.00 | OK |
Version: 0.1.3
Check: package dependencies
Result: NOTE
Package suggested but not available for checking: 'INLA'
Flavors: r-devel-linux-x86_64-debian-clang, r-devel-linux-x86_64-debian-gcc, r-devel-windows-x86_64-gcc10-UCRT, r-patched-linux-x86_64, r-patched-solaris-x86, r-release-linux-x86_64, r-release-macos-arm64, r-release-macos-x86_64, r-oldrel-macos-x86_64
Version: 0.1.3
Check: dependencies in R code
Result: NOTE
Namespaces in Imports field not imported from:
‘rgeos’ ‘sp’
All declared Imports should be used.
Flavors: r-devel-linux-x86_64-fedora-clang, r-devel-linux-x86_64-fedora-gcc, r-devel-windows-x86_64-gcc10-UCRT, r-patched-solaris-x86, r-release-macos-arm64, r-release-macos-x86_64, r-oldrel-macos-x86_64