Last updated on 2021-07-01 01:49:27 CEST.
Flavor | Version | Tinstall | Tcheck | Ttotal | Status | Flags |
---|---|---|---|---|---|---|
r-devel-linux-x86_64-debian-clang | 1.0-6.1 | 6.41 | 35.30 | 41.71 | OK | |
r-devel-linux-x86_64-debian-gcc | 1.0-6.1 | 5.29 | 27.52 | 32.81 | OK | |
r-devel-linux-x86_64-fedora-clang | 1.0-6.1 | 60.70 | NOTE | |||
r-devel-linux-x86_64-fedora-gcc | 1.0-6.1 | 49.71 | NOTE | |||
r-devel-windows-x86_64 | 1.0-6.1 | 14.00 | 51.00 | 65.00 | OK | |
r-devel-windows-x86_64-gcc10-UCRT | 1.0-6.1 | OK | ||||
r-patched-linux-x86_64 | 1.0-6.1 | 6.79 | 34.10 | 40.89 | OK | |
r-patched-solaris-x86 | 1.0-6.1 | 79.10 | OK | |||
r-release-linux-x86_64 | 1.0-6.1 | 6.24 | 33.57 | 39.81 | OK | |
r-release-macos-arm64 | 1.0-6.1 | OK | ||||
r-release-macos-x86_64 | 1.0-6.1 | OK | ||||
r-release-windows-ix86+x86_64 | 1.0-6.1 | 16.00 | 45.00 | 61.00 | OK | |
r-oldrel-macos-x86_64 | 1.0-6.1 | OK | ||||
r-oldrel-windows-ix86+x86_64 | 1.0-6.1 | 16.00 | 48.00 | 64.00 | OK |
Version: 1.0-6.1
Check: compiled code
Result: NOTE
File ‘SoDA/libs/SoDA.so’:
Found no call to: ‘R_useDynamicSymbols’
It is good practice to register native routines and to disable symbol
search.
See ‘Writing portable packages’ in the ‘Writing R Extensions’ manual.
Flavors: r-devel-linux-x86_64-fedora-clang, r-devel-linux-x86_64-fedora-gcc