CRAN Package Check Results for Package SpatialBSS

Last updated on 2021-07-01 01:49:27 CEST.

Flavor Version Tinstall Tcheck Ttotal Status Flags
r-devel-linux-x86_64-debian-clang 0.10-0 53.66 59.25 112.91 OK
r-devel-linux-x86_64-debian-gcc 0.10-0 37.43 45.20 82.63 OK
r-devel-linux-x86_64-fedora-clang 0.10-0 170.34 OK
r-devel-linux-x86_64-fedora-gcc 0.10-0 146.61 OK
r-devel-windows-x86_64 0.10-0 53.00 95.00 148.00 OK
r-devel-windows-x86_64-gcc10-UCRT 0.10-0 OK
r-patched-linux-x86_64 0.10-0 45.72 56.56 102.28 OK
r-patched-solaris-x86 0.10-0 164.50 OK
r-release-linux-x86_64 0.10-0 50.26 56.83 107.09 OK
r-release-macos-arm64 0.10-0 ERROR
r-release-macos-x86_64 0.10-0 OK
r-release-windows-ix86+x86_64 0.10-0 109.00 121.00 230.00 OK
r-oldrel-macos-x86_64 0.10-0 OK
r-oldrel-windows-ix86+x86_64 0.10-0 132.00 109.00 241.00 OK

Check Details

Version: 0.10-0
Check: package dependencies
Result: NOTE
    Package suggested but not available for checking: ‘sf’
Flavor: r-release-macos-arm64

Version: 0.10-0
Check: Rd cross-references
Result: NOTE
    Package unavailable to check Rd xrefs: ‘sf’
Flavor: r-release-macos-arm64

Version: 0.10-0
Check: examples
Result: ERROR
    Running examples in ‘SpatialBSS-Ex.R’ failed
    The error most likely occurred in:
    
    > ### Name: plot.sbss
    > ### Title: Plot Method for an Object of Class 'sbss'
    > ### Aliases: plot.sbss
    >
    > ### ** Examples
    >
    > # simulate coordinates
    > coords <- runif(1000 * 2) * 20
    > dim(coords) <- c(1000, 2)
    >
    > # simulate random field
    > if (!requireNamespace('RandomFields', quietly = TRUE)) {
    + stop('Please install the package RandomFields to run the example code.')
    + } else {
    + RandomFields::RFoptions(spConform = FALSE)
    + field_1 <- RandomFields::RFsimulate(model = RandomFields::RMexp(),
    + x = coords)
    + field_2 <- RandomFields::RFsimulate(model = RandomFields::RMspheric(),
    + x = coords)
    + field_3 <- RandomFields::RFsimulate(model = RandomFields::RMwhittle(nu = 2),
    + x = coords)
    + field <- cbind(field_1, field_2, field_3)
    + }
    >
    > # compute ring kernel matrices
    > kernel_parameters <- c(0, 1, 1, 2, 2, 3)
    > ring_kernel_list <- spatial_kernel_matrix(coords, 'ring', kernel_parameters)
    >
    > # apply sbss SpatialPointsDataFrame object
    > field_sp <- sp::SpatialPointsDataFrame(coords = coords, data = data.frame(field))
    > res_sp <- sbss(field_sp, kernel_list = ring_kernel_list)
    >
    > # plot with SpatialPointsDataFrame object
    > plot(res_sp)
    >
    > # plot with SpatialPointsDataFrame object
    > # and additional arguments for spplot function
    > plot(res_sp, colorkey = TRUE, as.table = TRUE, cex = 1)
    >
    > # apply sbss with sf object
    > if (!requireNamespace('sf', quietly = TRUE)) {
    + stop('Please install the package sf to run the example code.')
    + } else {
    + field_sf <- sf::st_as_sf(data.frame(coords = coords, field),
    + coords = c(1,2))
    + res_sf <- sbss(x = field_sf, kernel_list = ring_kernel_list)
    + }
    Error: Please install the package sf to run the example code.
    Execution halted
Flavor: r-release-macos-arm64

Version: 0.10-0
Check: re-building of vignette outputs
Result: WARN
    Error(s) in re-building vignettes:
     ...
    --- re-building ‘SBSS.Rmd’ using rmarkdown
    Warning in engine$weave(file, quiet = quiet, encoding = enc) :
     Pandoc (>= 1.12.3) not available. Falling back to R Markdown v1.
    Quitting from lines 167-176 (SBSS.Rmd)
    Error: processing vignette 'SBSS.Rmd' failed with diagnostics:
    Please install the package sf to run the example code.
    --- failed re-building ‘SBSS.Rmd’
    
    SUMMARY: processing the following file failed:
     ‘SBSS.Rmd’
    
    Error: Vignette re-building failed.
    Execution halted
Flavor: r-release-macos-arm64