Last updated on 2021-07-01 01:49:27 CEST.
Flavor | Version | Tinstall | Tcheck | Ttotal | Status | Flags |
---|---|---|---|---|---|---|
r-devel-linux-x86_64-debian-clang | 0.6.2 | 31.29 | 128.09 | 159.38 | NOTE | |
r-devel-linux-x86_64-debian-gcc | 0.6.2 | 21.10 | 94.11 | 115.21 | NOTE | |
r-devel-linux-x86_64-fedora-clang | 0.6.2 | 207.01 | NOTE | |||
r-devel-linux-x86_64-fedora-gcc | 0.6.2 | 183.63 | NOTE | |||
r-devel-windows-x86_64 | 0.6.2 | 36.00 | 153.00 | 189.00 | NOTE | |
r-devel-windows-x86_64-gcc10-UCRT | 0.6.2 | NOTE | ||||
r-patched-linux-x86_64 | 0.6.2 | 26.25 | 118.66 | 144.91 | NOTE | |
r-patched-solaris-x86 | 0.6.2 | 239.10 | NOTE | |||
r-release-linux-x86_64 | 0.6.2 | 27.33 | 118.73 | 146.06 | NOTE | |
r-release-macos-arm64 | 0.6.2 | WARN | ||||
r-release-macos-x86_64 | 0.6.2 | NOTE | ||||
r-release-windows-ix86+x86_64 | 0.6.2 | 64.00 | 210.00 | 274.00 | NOTE | |
r-oldrel-macos-x86_64 | 0.6.2 | OK | ||||
r-oldrel-windows-ix86+x86_64 | 0.6.2 | 67.00 | 182.00 | 249.00 | OK |
Version: 0.6.2
Check: LazyData
Result: NOTE
'LazyData' is specified without a 'data' directory
Flavors: r-devel-linux-x86_64-debian-clang, r-devel-linux-x86_64-debian-gcc, r-devel-linux-x86_64-fedora-clang, r-devel-linux-x86_64-fedora-gcc, r-devel-windows-x86_64, r-devel-windows-x86_64-gcc10-UCRT, r-patched-linux-x86_64, r-patched-solaris-x86, r-release-linux-x86_64, r-release-macos-arm64, r-release-macos-x86_64, r-release-windows-ix86+x86_64
Version: 0.6.2
Check: package dependencies
Result: NOTE
Package suggested but not available for checking: ‘tmap’
Flavor: r-release-macos-arm64
Version: 0.6.2
Check: re-building of vignette outputs
Result: WARN
Error(s) in re-building vignettes:
--- re-building ‘SpatialKDE.Rmd’ using rmarkdown
Warning in engine$weave(file, quiet = quiet, encoding = enc) :
Pandoc (>= 1.12.3) not available. Falling back to R Markdown v1.
Linking to GEOS 3.9.1, GDAL 3.2.1, PROJ 7.2.1
Attaching package: 'dplyr'
The following objects are masked from 'package:stats':
filter, lag
The following objects are masked from 'package:base':
intersect, setdiff, setequal, union
Quitting from lines 26-31 (SpatialKDE.Rmd)
Error: processing vignette 'SpatialKDE.Rmd' failed with diagnostics:
there is no package called 'tmap'
--- failed re-building ‘SpatialKDE.Rmd’
SUMMARY: processing the following file failed:
‘SpatialKDE.Rmd’
Error: Vignette re-building failed.
Execution halted
Flavor: r-release-macos-arm64