CRAN Package Check Results for Package TPD

Last updated on 2021-07-01 01:49:29 CEST.

Flavor Version Tinstall Tcheck Ttotal Status Flags
r-devel-linux-x86_64-debian-clang 1.1.0 10.76 155.82 166.58 NOTE
r-devel-linux-x86_64-debian-gcc 1.1.0 8.93 113.12 122.05 NOTE
r-devel-linux-x86_64-fedora-clang 1.1.0 197.94 NOTE
r-devel-linux-x86_64-fedora-gcc 1.1.0 190.45 NOTE
r-devel-windows-x86_64 1.1.0 12.00 187.00 199.00 NOTE
r-devel-windows-x86_64-gcc10-UCRT 1.1.0 NOTE
r-patched-linux-x86_64 1.1.0 9.35 146.21 155.56 NOTE
r-patched-solaris-x86 1.1.0 303.10 NOTE
r-release-linux-x86_64 1.1.0 9.23 144.93 154.16 NOTE
r-release-macos-arm64 1.1.0 NOTE
r-release-macos-x86_64 1.1.0 NOTE
r-release-windows-ix86+x86_64 1.1.0 41.00 179.00 220.00 NOTE
r-oldrel-macos-x86_64 1.1.0 OK
r-oldrel-windows-ix86+x86_64 1.1.0 23.00 155.00 178.00 OK

Check Details

Version: 1.1.0
Check: LazyData
Result: NOTE
     'LazyData' is specified without a 'data' directory
Flavors: r-devel-linux-x86_64-debian-clang, r-devel-linux-x86_64-debian-gcc, r-devel-linux-x86_64-fedora-clang, r-devel-linux-x86_64-fedora-gcc, r-devel-windows-x86_64, r-devel-windows-x86_64-gcc10-UCRT, r-patched-linux-x86_64, r-patched-solaris-x86, r-release-linux-x86_64, r-release-macos-arm64, r-release-macos-x86_64, r-release-windows-ix86+x86_64