CRAN Package Check Results for Package TSS.RESTREND

Last updated on 2021-07-01 01:49:29 CEST.

Flavor Version Tinstall Tcheck Ttotal Status Flags
r-devel-linux-x86_64-debian-clang 0.3.1 10.03 90.58 100.61 OK
r-devel-linux-x86_64-debian-gcc 0.3.1 8.17 61.38 69.55 OK
r-devel-linux-x86_64-fedora-clang 0.3.1 125.61 NOTE
r-devel-linux-x86_64-fedora-gcc 0.3.1 107.73 OK
r-devel-windows-x86_64 0.3.1 40.00 101.00 141.00 OK
r-devel-windows-x86_64-gcc10-UCRT 0.3.1 OK
r-patched-linux-x86_64 0.3.1 9.74 77.87 87.61 OK
r-patched-solaris-x86 0.3.1 151.50 OK
r-release-linux-x86_64 0.3.1 9.32 76.79 86.11 OK
r-release-macos-arm64 0.3.1 OK
r-release-macos-x86_64 0.3.1 OK
r-release-windows-ix86+x86_64 0.3.1 24.00 108.00 132.00 OK
r-oldrel-macos-x86_64 0.3.1 OK
r-oldrel-windows-ix86+x86_64 0.3.1 24.00 85.00 109.00 OK

Check Details

Version: 0.3.1
Check: Rd cross-references
Result: NOTE
    Undeclared package ‘gimms’ in Rd xrefs
Flavor: r-devel-linux-x86_64-fedora-clang