CRAN Package Check Results for Package TensorClustering

Last updated on 2021-07-01 01:49:29 CEST.

Flavor Version Tinstall Tcheck Ttotal Status Flags
r-devel-linux-x86_64-debian-clang 1.0.2 7.06 45.91 52.97 OK
r-devel-linux-x86_64-debian-gcc 1.0.2 4.94 34.35 39.29 OK
r-devel-linux-x86_64-fedora-clang 1.0.2 39.35 NOTE
r-devel-linux-x86_64-fedora-gcc 1.0.2 61.19 NOTE
r-devel-windows-x86_64 1.0.2 8.00 54.00 62.00 OK
r-devel-windows-x86_64-gcc10-UCRT 1.0.2 NOTE
r-patched-linux-x86_64 1.0.2 7.10 43.66 50.76 OK
r-patched-solaris-x86 1.0.2 74.70 NOTE
r-release-linux-x86_64 1.0.2 7.10 43.36 50.46 OK
r-release-macos-arm64 1.0.2 NOTE
r-release-macos-x86_64 1.0.2 NOTE
r-oldrel-macos-x86_64 1.0.2 NOTE
r-oldrel-windows-ix86+x86_64 1.0.2 13.00 68.00 81.00 OK

Check Details

Version: 1.0.2
Check: dependencies in R code
Result: NOTE
    Namespace in Imports field not imported from: ‘Rcpp’
     All declared Imports should be used.
Flavors: r-devel-linux-x86_64-fedora-clang, r-devel-linux-x86_64-fedora-gcc, r-devel-windows-x86_64-gcc10-UCRT, r-patched-solaris-x86, r-release-macos-arm64, r-release-macos-x86_64, r-oldrel-macos-x86_64