CRAN Package Check Results for Package TextForecast

Last updated on 2021-07-01 01:49:29 CEST.

Flavor Version Tinstall Tcheck Ttotal Status Flags
r-devel-linux-x86_64-debian-clang 0.1.2 11.59 122.04 133.63 OK
r-devel-linux-x86_64-debian-gcc 0.1.2 10.14 91.32 101.46 OK
r-devel-linux-x86_64-fedora-clang 0.1.2 167.33 NOTE
r-devel-linux-x86_64-fedora-gcc 0.1.2 154.57 NOTE
r-devel-windows-x86_64 0.1.2 19.00 145.00 164.00 OK
r-devel-windows-x86_64-gcc10-UCRT 0.1.2 NOTE
r-patched-linux-x86_64 0.1.2 11.90 113.49 125.39 OK
r-patched-solaris-x86 0.1.2 262.10 NOTE
r-release-linux-x86_64 0.1.2 10.56 113.34 123.90 OK
r-release-macos-arm64 0.1.2 NOTE
r-release-macos-x86_64 0.1.2 NOTE
r-release-windows-ix86+x86_64 0.1.2 29.00 149.00 178.00 OK
r-oldrel-macos-x86_64 0.1.2 NOTE
r-oldrel-windows-ix86+x86_64 0.1.2 30.00 122.00 152.00 OK

Additional issues

donttest

Check Details

Version: 0.1.2
Check: dependencies in R code
Result: NOTE
    Namespaces in Imports field not imported from:
     ‘doParallel’ ‘parallel’ ‘tidyr’
     All declared Imports should be used.
Flavors: r-devel-linux-x86_64-fedora-clang, r-devel-linux-x86_64-fedora-gcc, r-devel-windows-x86_64-gcc10-UCRT, r-patched-solaris-x86, r-release-macos-arm64, r-release-macos-x86_64, r-oldrel-macos-x86_64

Version: 0.1.2
Check: data for non-ASCII characters
Result: NOTE
     Note: found 40 marked UTF-8 strings
Flavors: r-devel-linux-x86_64-fedora-clang, r-devel-linux-x86_64-fedora-gcc, r-devel-windows-x86_64-gcc10-UCRT, r-patched-solaris-x86, r-release-macos-arm64, r-release-macos-x86_64, r-oldrel-macos-x86_64