CRAN Package Check Results for Package Trading

Last updated on 2021-07-01 01:49:29 CEST.

Flavor Version Tinstall Tcheck Ttotal Status Flags
r-devel-linux-x86_64-debian-clang 2.1 11.75 80.86 92.61 NOTE
r-devel-linux-x86_64-debian-gcc 2.1 11.20 60.48 71.68 NOTE
r-devel-linux-x86_64-fedora-clang 2.1 120.35 NOTE
r-devel-linux-x86_64-fedora-gcc 2.1 110.80 NOTE
r-devel-windows-x86_64 2.1 15.00 104.00 119.00 NOTE
r-devel-windows-x86_64-gcc10-UCRT 2.1 NOTE
r-patched-linux-x86_64 2.1 13.33 76.77 90.10 NOTE
r-patched-solaris-x86 2.1 155.10 NOTE
r-release-linux-x86_64 2.1 13.64 77.64 91.28 NOTE
r-release-macos-arm64 2.1 NOTE
r-release-macos-x86_64 2.1 NOTE
r-release-windows-ix86+x86_64 2.1 29.00 96.00 125.00 NOTE
r-oldrel-macos-x86_64 2.1 OK
r-oldrel-windows-ix86+x86_64 2.1 27.00 83.00 110.00 OK

Check Details

Version: 2.1
Check: LazyData
Result: NOTE
     'LazyData' is specified without a 'data' directory
Flavors: r-devel-linux-x86_64-debian-clang, r-devel-linux-x86_64-debian-gcc, r-devel-linux-x86_64-fedora-clang, r-devel-linux-x86_64-fedora-gcc, r-devel-windows-x86_64, r-devel-windows-x86_64-gcc10-UCRT, r-patched-linux-x86_64, r-patched-solaris-x86, r-release-linux-x86_64, r-release-macos-arm64, r-release-macos-x86_64, r-release-windows-ix86+x86_64