Last updated on 2021-07-01 01:49:30 CEST.
Flavor | Version | Tinstall | Tcheck | Ttotal | Status | Flags |
---|---|---|---|---|---|---|
r-devel-linux-x86_64-debian-clang | 2.0.7 | 43.97 | 348.48 | 392.45 | OK | |
r-devel-linux-x86_64-debian-gcc | 2.0.7 | 32.45 | 258.14 | 290.59 | OK | |
r-devel-linux-x86_64-fedora-clang | 2.0.7 | 480.88 | OK | |||
r-devel-linux-x86_64-fedora-gcc | 2.0.7 | 464.38 | OK | |||
r-devel-windows-x86_64 | 2.0.7 | 79.00 | 386.00 | 465.00 | OK | |
r-devel-windows-x86_64-gcc10-UCRT | 2.0.7 | OK | ||||
r-patched-linux-x86_64 | 2.0.7 | 41.56 | 324.57 | 366.13 | OK | |
r-patched-solaris-x86 | 2.0.7 | 669.60 | OK | |||
r-release-linux-x86_64 | 2.0.7 | 39.27 | 325.85 | 365.12 | OK | |
r-release-macos-arm64 | 2.0.7 | ERROR | ||||
r-release-macos-x86_64 | 2.0.7 | OK | ||||
r-release-windows-ix86+x86_64 | 2.0.7 | 97.00 | 379.00 | 476.00 | OK | |
r-oldrel-macos-x86_64 | 2.0.7 | OK | ||||
r-oldrel-windows-ix86+x86_64 | 2.0.7 | 90.00 | 329.00 | 419.00 | OK |
Version: 2.0.7
Check: package dependencies
Result: ERROR
Package required but not available: ‘alakazam’
See section ‘The DESCRIPTION file’ in the ‘Writing R Extensions’
manual.
Flavor: r-release-macos-arm64