CRAN Package Check Results for Package VARtests

Last updated on 2021-07-01 01:49:30 CEST.

Flavor Version Tinstall Tcheck Ttotal Status Flags
r-devel-linux-x86_64-debian-clang 2.0.5 109.53 45.67 155.20 OK
r-devel-linux-x86_64-debian-gcc 2.0.5 71.45 34.94 106.39 OK
r-devel-linux-x86_64-fedora-clang 2.0.5 228.09 NOTE
r-devel-linux-x86_64-fedora-gcc 2.0.5 199.68 OK
r-devel-windows-x86_64 2.0.5 110.00 74.00 184.00 OK
r-devel-windows-x86_64-gcc10-UCRT 2.0.5 OK
r-patched-linux-x86_64 2.0.5 90.08 44.36 134.44 OK
r-patched-solaris-x86 2.0.5 186.60 OK
r-release-linux-x86_64 2.0.5 85.47 44.45 129.92 OK
r-release-macos-arm64 2.0.5 NOTE
r-release-macos-x86_64 2.0.5 NOTE
r-release-windows-ix86+x86_64 2.0.5 235.00 80.00 315.00 OK
r-oldrel-macos-x86_64 2.0.5 NOTE
r-oldrel-windows-ix86+x86_64 2.0.5 252.00 99.00 351.00 OK

Check Details

Version: 2.0.5
Check: installed package size
Result: NOTE
     installed size is 5.9Mb
     sub-directories of 1Mb or more:
     libs 5.7Mb
Flavors: r-devel-linux-x86_64-fedora-clang, r-release-macos-arm64, r-release-macos-x86_64, r-oldrel-macos-x86_64

Version: 2.0.5
Check: Rd cross-references
Result: NOTE
    Undeclared package ‘vars’ in Rd xrefs
Flavor: r-devel-linux-x86_64-fedora-clang