CRAN Package Check Results for Package VGAM

Last updated on 2021-07-01 01:49:30 CEST.

Flavor Version Tinstall Tcheck Ttotal Status Flags
r-devel-linux-x86_64-debian-clang 1.1-5 103.59 603.20 706.79 OK
r-devel-linux-x86_64-debian-gcc 1.1-5 80.50 424.05 504.55 OK
r-devel-linux-x86_64-fedora-clang 1.1-5 833.27 NOTE
r-devel-linux-x86_64-fedora-gcc 1.1-5 832.50 OK
r-devel-windows-x86_64 1.1-5 126.00 680.00 806.00 NOTE
r-devel-windows-x86_64-gcc10-UCRT 1.1-5 OK
r-patched-linux-x86_64 1.1-5 113.73 572.00 685.73 OK
r-patched-solaris-x86 1.1-5 964.70 NOTE
r-release-linux-x86_64 1.1-5 93.73 569.39 663.12 OK
r-release-macos-arm64 1.1-5 NOTE
r-release-macos-x86_64 1.1-5 NOTE
r-release-windows-ix86+x86_64 1.1-5 145.00 779.00 924.00 NOTE
r-oldrel-macos-x86_64 1.1-5 NOTE
r-oldrel-windows-ix86+x86_64 1.1-5 180.00 909.00 1089.00 NOTE

Check Details

Version: 1.1-5
Check: installed package size
Result: NOTE
     installed size is 8.1Mb
     sub-directories of 1Mb or more:
     R 3.9Mb
     help 2.8Mb
Flavors: r-devel-linux-x86_64-fedora-clang, r-devel-windows-x86_64, r-patched-solaris-x86, r-release-macos-arm64, r-release-macos-x86_64, r-release-windows-ix86+x86_64, r-oldrel-macos-x86_64, r-oldrel-windows-ix86+x86_64

Version: 1.1-5
Check: Rd cross-references
Result: NOTE
    Undeclared package ‘car’ in Rd xrefs
Flavor: r-devel-linux-x86_64-fedora-clang