Last updated on 2021-07-01 01:49:31 CEST.
Flavor | Version | Tinstall | Tcheck | Ttotal | Status | Flags |
---|---|---|---|---|---|---|
r-devel-linux-x86_64-debian-clang | 0.1.0 | 62.03 | 89.26 | 151.29 | OK | |
r-devel-linux-x86_64-debian-gcc | 0.1.0 | 40.62 | 66.52 | 107.14 | OK | |
r-devel-linux-x86_64-fedora-clang | 0.1.0 | 201.02 | NOTE | |||
r-devel-linux-x86_64-fedora-gcc | 0.1.0 | 182.23 | NOTE | |||
r-devel-windows-x86_64 | 0.1.0 | 76.00 | 124.00 | 200.00 | OK | |
r-devel-windows-x86_64-gcc10-UCRT | 0.1.0 | NOTE | ||||
r-patched-linux-x86_64 | 0.1.0 | 48.89 | 83.54 | 132.43 | OK | |
r-patched-solaris-x86 | 0.1.0 | 228.30 | NOTE | |||
r-release-linux-x86_64 | 0.1.0 | 45.25 | 83.61 | 128.86 | OK | |
r-release-macos-arm64 | 0.1.0 | NOTE | ||||
r-release-macos-x86_64 | 0.1.0 | NOTE | ||||
r-release-windows-ix86+x86_64 | 0.1.0 | 141.00 | 160.00 | 301.00 | OK | |
r-oldrel-macos-x86_64 | 0.1.0 | NOTE | ||||
r-oldrel-windows-ix86+x86_64 | 0.1.0 | 142.00 | 152.00 | 294.00 | OK |
Version: 0.1.0
Check: dependencies in R code
Result: NOTE
Namespaces in Imports field not imported from:
‘fdadensity’ ‘locfit’ ‘locpol’ ‘modeest’
All declared Imports should be used.
Flavors: r-devel-linux-x86_64-fedora-clang, r-devel-linux-x86_64-fedora-gcc, r-devel-windows-x86_64-gcc10-UCRT, r-patched-solaris-x86, r-release-macos-arm64, r-release-macos-x86_64, r-oldrel-macos-x86_64