Last updated on 2021-07-01 01:49:30 CEST.
Flavor | Version | Tinstall | Tcheck | Ttotal | Status | Flags |
---|---|---|---|---|---|---|
r-devel-linux-x86_64-debian-clang | 0.0.1 | 7.65 | 79.86 | 87.51 | NOTE | |
r-devel-linux-x86_64-debian-gcc | 0.0.1 | 6.78 | 61.76 | 68.54 | NOTE | |
r-devel-linux-x86_64-fedora-clang | 0.0.1 | 115.07 | NOTE | |||
r-devel-linux-x86_64-fedora-gcc | 0.0.1 | 105.48 | NOTE | |||
r-devel-windows-x86_64 | 0.0.1 | 9.00 | 99.00 | 108.00 | NOTE | |
r-devel-windows-x86_64-gcc10-UCRT | 0.0.1 | NOTE | ||||
r-patched-linux-x86_64 | 0.0.1 | 7.51 | 76.82 | 84.33 | NOTE | |
r-patched-solaris-x86 | 0.0.1 | 159.20 | NOTE | |||
r-release-linux-x86_64 | 0.0.1 | 7.10 | 76.88 | 83.98 | NOTE | |
r-release-macos-arm64 | 0.0.1 | NOTE | ||||
r-release-macos-x86_64 | 0.0.1 | NOTE | ||||
r-release-windows-ix86+x86_64 | 0.0.1 | 16.00 | 98.00 | 114.00 | NOTE | |
r-oldrel-macos-x86_64 | 0.0.1 | OK | ||||
r-oldrel-windows-ix86+x86_64 | 0.0.1 | 19.00 | 101.00 | 120.00 | OK |
Version: 0.0.1
Check: LazyData
Result: NOTE
'LazyData' is specified without a 'data' directory
Flavors: r-devel-linux-x86_64-debian-clang, r-devel-linux-x86_64-debian-gcc, r-devel-linux-x86_64-fedora-clang, r-devel-linux-x86_64-fedora-gcc, r-devel-windows-x86_64, r-devel-windows-x86_64-gcc10-UCRT, r-patched-linux-x86_64, r-patched-solaris-x86, r-release-linux-x86_64, r-release-macos-arm64, r-release-macos-x86_64, r-release-windows-ix86+x86_64