Last updated on 2021-07-01 01:49:31 CEST.
Flavor | Version | Tinstall | Tcheck | Ttotal | Status | Flags |
---|---|---|---|---|---|---|
r-devel-linux-x86_64-debian-clang | 0.99.18 | 111.72 | 30.61 | 142.33 | NOTE | |
r-devel-linux-x86_64-debian-gcc | 0.99.18 | 68.86 | 23.69 | 92.55 | NOTE | |
r-devel-linux-x86_64-fedora-clang | 0.99.18 | 212.13 | NOTE | |||
r-devel-linux-x86_64-fedora-gcc | 0.99.18 | 173.18 | NOTE | |||
r-devel-windows-x86_64 | 0.99.18 | 102.00 | 62.00 | 164.00 | NOTE | |
r-devel-windows-x86_64-gcc10-UCRT | 0.99.18 | NOTE | ||||
r-patched-linux-x86_64 | 0.99.18 | 81.36 | 29.44 | 110.80 | NOTE | |
r-patched-solaris-x86 | 0.99.18 | 171.40 | NOTE | |||
r-release-linux-x86_64 | 0.99.18 | 83.68 | 29.51 | 113.19 | NOTE | |
r-release-macos-arm64 | 0.99.18 | NOTE | ||||
r-release-macos-x86_64 | 0.99.18 | NOTE | ||||
r-release-windows-ix86+x86_64 | 0.99.18 | 187.00 | 74.00 | 261.00 | NOTE | |
r-oldrel-macos-x86_64 | 0.99.18 | NOTE | ||||
r-oldrel-windows-ix86+x86_64 | 0.99.18 | 253.00 | 87.00 | 340.00 | NOTE |
Version: 0.99.18
Check: top-level files
Result: NOTE
Found a 'configure.in' file: 'configure.ac' has long been preferred.
Output from running autoreconf:
aclocal: warning: autoconf input should be named 'configure.ac', not 'configure.in'
Flavors: r-devel-linux-x86_64-debian-clang, r-devel-linux-x86_64-debian-gcc, r-devel-linux-x86_64-fedora-clang, r-devel-linux-x86_64-fedora-gcc, r-patched-linux-x86_64, r-release-linux-x86_64
Version: 0.99.18
Check: top-level files
Result: NOTE
Found a 'configure.in' file: 'configure.ac' has long been preferred.
Flavors: r-devel-windows-x86_64, r-devel-windows-x86_64-gcc10-UCRT, r-patched-solaris-x86, r-release-macos-arm64, r-release-macos-x86_64, r-release-windows-ix86+x86_64, r-oldrel-macos-x86_64, r-oldrel-windows-ix86+x86_64
Version: 0.99.18
Check: installed package size
Result: NOTE
installed size is 8.5Mb
sub-directories of 1Mb or more:
libs 8.4Mb
Flavors: r-release-macos-arm64, r-release-macos-x86_64, r-release-windows-ix86+x86_64, r-oldrel-macos-x86_64, r-oldrel-windows-ix86+x86_64