CRAN Package Check Results for Package XLConnect

Last updated on 2021-07-01 01:49:31 CEST.

Flavor Version Tinstall Tcheck Ttotal Status Flags
r-devel-linux-x86_64-debian-clang 1.0.3 11.43 156.49 167.92 OK
r-devel-linux-x86_64-debian-gcc 1.0.3 8.82 120.90 129.72 OK
r-devel-linux-x86_64-fedora-clang 1.0.3 194.01 NOTE
r-devel-linux-x86_64-fedora-gcc 1.0.3 184.22 OK
r-devel-windows-x86_64 1.0.3 25.00 212.00 237.00 NOTE
r-devel-windows-x86_64-gcc10-UCRT 1.0.3 OK
r-patched-linux-x86_64 1.0.3 14.12 151.81 165.93 OK
r-release-linux-x86_64 1.0.3 10.56 152.09 162.65 OK
r-release-macos-arm64 1.0.3 ERROR
r-release-macos-x86_64 1.0.3 NOTE
r-release-windows-ix86+x86_64 1.0.3 29.00 199.00 228.00 NOTE
r-oldrel-macos-x86_64 1.0.3 NOTE
r-oldrel-windows-ix86+x86_64 1.0.3 33.00 190.00 223.00 NOTE

Check Details

Version: 1.0.3
Check: installed package size
Result: NOTE
     installed size is 36.5Mb
     sub-directories of 1Mb or more:
     java 34.2Mb
Flavors: r-devel-linux-x86_64-fedora-clang, r-devel-windows-x86_64, r-release-macos-x86_64, r-release-windows-ix86+x86_64, r-oldrel-macos-x86_64, r-oldrel-windows-ix86+x86_64

Version: 1.0.3
Check: whether package can be installed
Result: ERROR
    Installation failed.
Flavor: r-release-macos-arm64