CRAN Package Check Results for Package abcrf

Last updated on 2021-07-01 01:49:04 CEST.

Flavor Version Tinstall Tcheck Ttotal Status Flags
r-devel-linux-x86_64-debian-clang 1.8.1 89.71 90.18 179.89 OK
r-devel-linux-x86_64-debian-gcc 1.8.1 55.65 65.90 121.55 OK
r-devel-linux-x86_64-fedora-clang 1.8.1 237.02 NOTE
r-devel-linux-x86_64-fedora-gcc 1.8.1 209.54 OK
r-devel-windows-x86_64 1.8.1 102.00 120.00 222.00 OK
r-devel-windows-x86_64-gcc10-UCRT 1.8.1 OK
r-patched-linux-x86_64 1.8.1 67.81 82.83 150.64 OK
r-patched-solaris-x86 1.8.1 249.10 OK
r-release-linux-x86_64 1.8.1 65.05 83.31 148.36 OK
r-release-macos-arm64 1.8.1 NOTE
r-release-macos-x86_64 1.8.1 NOTE
r-release-windows-ix86+x86_64 1.8.1 182.00 153.00 335.00 NOTE
r-oldrel-macos-x86_64 1.8.1 NOTE
r-oldrel-windows-ix86+x86_64 1.8.1 189.00 137.00 326.00 NOTE

Check Details

Version: 1.8.1
Check: installed package size
Result: NOTE
     installed size is 5.3Mb
     sub-directories of 1Mb or more:
     data 2.6Mb
     libs 2.4Mb
Flavors: r-devel-linux-x86_64-fedora-clang, r-release-macos-arm64, r-release-macos-x86_64, r-release-windows-ix86+x86_64, r-oldrel-macos-x86_64, r-oldrel-windows-ix86+x86_64